CRAN Package Check Results for Package gRain

Last updated on 2020-06-03 06:48:33 CEST.

Flavor Version Tinstall Tcheck Ttotal Status Flags
r-devel-linux-x86_64-debian-clang 1.3-4 54.87 112.88 167.75 WARN
r-devel-linux-x86_64-debian-gcc 1.3-4 42.73 86.88 129.61 WARN
r-devel-linux-x86_64-fedora-clang 1.3-4 221.67 WARN
r-devel-linux-x86_64-fedora-gcc 1.3-4 203.63 WARN
r-devel-windows-ix86+x86_64 1.3-4 150.00 236.00 386.00 WARN
r-patched-linux-x86_64 1.3-4 45.86 111.46 157.32 OK
r-patched-solaris-x86 1.3-4 274.70 OK
r-release-linux-x86_64 1.3-4 43.17 112.72 155.89 OK
r-release-osx-x86_64 1.3-4 OK
r-release-windows-ix86+x86_64 1.3-4 115.00 223.00 338.00 OK
r-oldrel-osx-x86_64 1.3-4 OK
r-oldrel-windows-ix86+x86_64 1.3-4 106.00 166.00 272.00 OK

Check Details

Version: 1.3-4
Check: whether the namespace can be loaded with stated dependencies
Result: WARN
    Warning: S4 exports specified in 'NAMESPACE' but not defined in package 'gRain'
Flavors: r-devel-linux-x86_64-debian-clang, r-devel-linux-x86_64-debian-gcc, r-devel-linux-x86_64-fedora-clang, r-devel-linux-x86_64-fedora-gcc, r-devel-windows-ix86+x86_64, r-devel-windows-ix86+x86_64