Last updated on 2022-05-16 06:52:25 CEST.
Flavor | Version | Tinstall | Tcheck | Ttotal | Status | Flags |
---|---|---|---|---|---|---|
r-devel-linux-x86_64-debian-clang | 1.4.7 | 10.28 | 300.83 | 311.11 | NOTE | |
r-devel-linux-x86_64-debian-gcc | 1.4.7 | 7.82 | 211.63 | 219.45 | NOTE | |
r-devel-linux-x86_64-fedora-clang | 1.4.7 | 335.85 | NOTE | |||
r-devel-linux-x86_64-fedora-gcc | 1.4.7 | 341.24 | NOTE | |||
r-devel-windows-x86_64 | 1.4.7 | 46.00 | 321.00 | 367.00 | NOTE | |
r-patched-linux-x86_64 | 1.4.7 | 15.02 | 274.57 | 289.59 | NOTE | |
r-release-linux-x86_64 | 1.4.7 | 7.29 | 274.37 | 281.66 | NOTE | |
r-release-macos-arm64 | 1.4.7 | 112.00 | NOTE | |||
r-release-macos-x86_64 | 1.4.7 | 226.00 | NOTE | |||
r-release-windows-x86_64 | 1.4.7 | 35.00 | 327.00 | 362.00 | NOTE | |
r-oldrel-macos-arm64 | 1.4.7 | 56.00 | NOTE | |||
r-oldrel-macos-x86_64 | 1.4.7 | 66.00 | NOTE | |||
r-oldrel-windows-ix86+x86_64 | 1.4.7 | 24.00 | 377.00 | 401.00 | NOTE |
Version: 1.4.7
Check: package dependencies
Result: NOTE
Package suggested but not available for checking: 'webshot2'
Flavors: r-devel-linux-x86_64-debian-clang, r-devel-linux-x86_64-debian-gcc, r-devel-linux-x86_64-fedora-clang, r-devel-linux-x86_64-fedora-gcc, r-devel-windows-x86_64, r-patched-linux-x86_64, r-release-linux-x86_64, r-release-macos-arm64, r-release-windows-x86_64, r-oldrel-macos-arm64, r-oldrel-macos-x86_64, r-oldrel-windows-ix86+x86_64
Version: 1.4.7
Check: package dependencies
Result: NOTE
Packages suggested but not available for checking: 'pdftools', 'webshot2'
Flavor: r-release-macos-x86_64