Last updated on 2024-04-23 12:49:28 CEST.
Flavor | Version | Tinstall | Tcheck | Ttotal | Status | Flags |
---|---|---|---|---|---|---|
r-devel-linux-x86_64-debian-clang | 1.0.8 | 6.66 | 58.50 | 65.16 | NOTE | |
r-devel-linux-x86_64-debian-gcc | 1.0.8 | 5.62 | 110.72 | 116.34 | OK | |
r-devel-linux-x86_64-fedora-clang | 1.0.8 | 194.04 | OK | |||
r-devel-linux-x86_64-fedora-gcc | 1.0.8 | 183.14 | OK | |||
r-prerel-macos-arm64 | 1.0.8 | 59.00 | OK | |||
r-prerel-windows-x86_64 | 1.0.8 | 21.00 | 124.00 | 145.00 | OK | |
r-patched-linux-x86_64 | 1.0.8 | 6.28 | 145.19 | 151.47 | OK | |
r-release-linux-x86_64 | 1.0.8 | 6.83 | 150.68 | 157.51 | OK | |
r-release-macos-arm64 | 1.0.8 | 27.00 | NOTE | |||
r-release-macos-x86_64 | 1.0.8 | 40.00 | NOTE | |||
r-release-windows-x86_64 | 1.0.8 | 25.00 | 157.00 | 182.00 | OK | |
r-oldrel-macos-arm64 | 1.0.8 | 24.00 | NOTE | |||
r-oldrel-windows-x86_64 | 1.0.8 | 25.00 | 193.00 | 218.00 | OK |
Version: 1.0.8
Check: package dependencies
Result: NOTE
Package suggested but not available for checking: ‘WGCNA’
Flavors: r-devel-linux-x86_64-debian-clang, r-release-macos-arm64, r-release-macos-x86_64, r-oldrel-macos-arm64