CRAN Package Check Results for Package future.apply

Last updated on 2022-08-18 12:54:01 CEST.

Flavor Version Tinstall Tcheck Ttotal Status Flags
r-devel-linux-x86_64-debian-clang 1.9.0 2.91 233.30 236.21 NOTE
r-devel-linux-x86_64-debian-gcc 1.9.0 2.46 177.43 179.89 NOTE
r-devel-linux-x86_64-fedora-clang 1.9.0 290.70 NOTE
r-devel-linux-x86_64-fedora-gcc 1.9.0 310.03 NOTE
r-devel-windows-x86_64 1.9.0 58.00 217.00 275.00 NOTE
r-patched-linux-x86_64 1.9.0 3.75 225.06 228.81 OK
r-release-linux-x86_64 1.9.0 3.12 224.63 227.75 OK
r-release-macos-arm64 1.9.0 112.00 OK
r-release-macos-x86_64 1.9.0 168.00 OK
r-release-windows-x86_64 1.9.0 53.00 232.00 285.00 OK
r-oldrel-macos-arm64 1.9.0 112.00 OK
r-oldrel-macos-x86_64 1.9.0 178.00 OK
r-oldrel-windows-ix86+x86_64 1.9.0 8.00 233.00 241.00 OK

Check Details

Version: 1.9.0
Check: HTML version of manual
Result: NOTE
    Found the following HTML validation problems:
    future.apply.html:77:104: Warning: inserting implicit <p>
    future.apply.html:80:43: Warning: inserting implicit <p>
    future.apply.html:84:48: Warning: inserting implicit <p>
    future.apply.html:89:58: Warning: inserting implicit <p>
    future.apply.html:95:94: Warning: inserting implicit <p>
    future.apply.html:99:79: Warning: inserting implicit <p>
    future.apply.html:77:104: Warning: trimming empty <p>
    future.apply.html:80:43: Warning: trimming empty <p>
    future.apply.html:84:48: Warning: trimming empty <p>
    future.apply.html:89:58: Warning: trimming empty <p>
    future.apply.html:95:94: Warning: trimming empty <p>
    future.apply.html:99:79: Warning: trimming empty <p>
    future_lapply.html:303:105: Warning: inserting implicit <p>
    future_lapply.html:303:105: Warning: trimming empty <p>
Flavors: r-devel-linux-x86_64-debian-clang, r-devel-linux-x86_64-debian-gcc, r-devel-linux-x86_64-fedora-clang, r-devel-linux-x86_64-fedora-gcc

Version: 1.9.0
Check: HTML version of manual
Result: NOTE
    Found the following HTML validation problems:
    future.apply.html:77:104: Warning: inserting implicit <p>
    
    
    future.apply.html:80:43: Warning: inserting implicit <p>
    
    
    future.apply.html:84:48: Warning: inserting implicit <p>
    
    
    future.apply.html:89:58: Warning: inserting implicit <p>
    
    
    future.apply.html:95:94: Warning: inserting implicit <p>
    
    
    future.apply.html:99:79: Warning: inserting implicit <p>
    
    
    future.apply.html:77:104: Warning: trimming empty <p>
    
    
    future.apply.html:80:43: Warning: trimming empty <p>
    
    
    future.apply.html:84:48: Warning: trimming empty <p>
    
    
    future.apply.html:89:58: Warning: trimming empty <p>
    
    
    future.apply.html:95:94: Warning: trimming empty <p>
    
    
    future.apply.html:99:79: Warning: trimming empty <p>
    
    
    future_lapply.html:303:105: Warning: inserting implicit <p>
    
    
    future_lapply.html:303:105: Warning: trimming empty <p>
Flavor: r-devel-windows-x86_64