Last updated on 2024-04-24 21:54:46 CEST.
Flavor | Version | Tinstall | Tcheck | Ttotal | Status | Flags |
---|---|---|---|---|---|---|
r-devel-linux-x86_64-debian-clang | 1.0.0 | 8.57 | 95.55 | 104.12 | NOTE | |
r-devel-linux-x86_64-debian-gcc | 1.0.0 | 7.30 | 71.36 | 78.66 | NOTE | |
r-devel-linux-x86_64-fedora-clang | 1.0.0 | 130.47 | NOTE | |||
r-devel-linux-x86_64-fedora-gcc | 1.0.0 | 137.06 | NOTE | |||
r-devel-windows-x86_64 | 1.0.0 | 8.00 | 88.00 | 96.00 | NOTE | |
r-patched-linux-x86_64 | 1.0.0 | 9.09 | 90.99 | 100.08 | NOTE | |
r-release-linux-x86_64 | 1.0.0 | 7.67 | 92.96 | 100.63 | NOTE | |
r-release-macos-arm64 | 1.0.0 | 50.00 | NOTE | |||
r-release-windows-x86_64 | 1.0.0 | 8.00 | 86.00 | 94.00 | NOTE | |
r-oldrel-macos-arm64 | 1.0.0 | 45.00 | NOTE | |||
r-oldrel-macos-x86_64 | 1.0.0 | 72.00 | NOTE | |||
r-oldrel-windows-x86_64 | 1.0.0 | 10.00 | 100.00 | 110.00 | NOTE |
Version: 1.0.0
Check: LazyData
Result: NOTE
'LazyData' is specified without a 'data' directory
Flavors: r-devel-linux-x86_64-debian-clang, r-devel-linux-x86_64-debian-gcc, r-devel-linux-x86_64-fedora-clang, r-devel-linux-x86_64-fedora-gcc, r-devel-windows-x86_64, r-patched-linux-x86_64, r-release-linux-x86_64, r-release-macos-arm64, r-release-windows-x86_64, r-oldrel-macos-arm64, r-oldrel-macos-x86_64, r-oldrel-windows-x86_64