CRAN Package Check Results for Package funprog

Last updated on 2025-07-23 21:51:45 CEST.

Flavor Version Tinstall Tcheck Ttotal Status Flags
r-devel-linux-x86_64-debian-clang 0.3.0 1.60 22.02 23.62 OK
r-devel-linux-x86_64-debian-gcc 0.3.0 1.28 17.95 19.23 OK
r-devel-linux-x86_64-fedora-clang 0.3.0 34.53 OK
r-devel-linux-x86_64-fedora-gcc 0.3.0 32.76 OK
r-devel-windows-x86_64 0.3.0 3.00 42.00 45.00 OK
r-patched-linux-x86_64 0.3.0 1.64 19.61 21.25 OK
r-release-linux-x86_64 0.3.0 1.65 19.60 21.25 OK
r-release-macos-arm64 0.3.0 17.00 OK
r-release-macos-x86_64 0.3.0 30.00 OK
r-release-windows-x86_64 0.3.0 2.00 45.00 47.00 OK
r-oldrel-macos-arm64 0.3.0 16.00 NOTE
r-oldrel-macos-x86_64 0.3.0 24.00 NOTE
r-oldrel-windows-x86_64 0.3.0 2.00 89.00 91.00 NOTE

Check Details

Version: 0.3.0
Check: LazyData
Result: NOTE 'LazyData' is specified without a 'data' directory Flavors: r-oldrel-macos-arm64, r-oldrel-macos-x86_64, r-oldrel-windows-x86_64