CRAN Package Check Results for Package fungible

Last updated on 2022-01-24 12:52:10 CET.

Flavor Version Tinstall Tcheck Ttotal Status Flags
r-devel-linux-x86_64-debian-clang 1.99 17.87 161.49 179.36 OK
r-devel-linux-x86_64-debian-gcc 1.99 14.45 118.57 133.02 OK
r-devel-linux-x86_64-fedora-clang 1.99 213.32 NOTE
r-devel-linux-x86_64-fedora-gcc 1.99 202.05 NOTE
r-devel-windows-x86_64-new-UL 1.99 151.00 217.00 368.00 OK
r-devel-windows-x86_64-new-TK 1.99 NOTE
r-patched-linux-x86_64 1.99 20.83 155.36 176.19 OK
r-release-linux-x86_64 1.99 17.67 153.34 171.01 OK
r-release-macos-arm64 1.99 NOTE
r-release-macos-x86_64 1.99 NOTE
r-release-windows-ix86+x86_64 1.99 27.00 190.00 217.00 OK
r-oldrel-macos-x86_64 1.99 NOTE
r-oldrel-windows-ix86+x86_64 1.99 25.00 187.00 212.00 OK

Check Details

Version: 1.99
Check: data for non-ASCII characters
Result: NOTE
     Note: found 1 marked UTF-8 string
Flavors: r-devel-linux-x86_64-fedora-clang, r-devel-linux-x86_64-fedora-gcc, r-devel-windows-x86_64-new-TK, r-release-macos-arm64, r-release-macos-x86_64, r-oldrel-macos-x86_64