CRAN Package Check Results for Package fulltext

Last updated on 2020-04-09 06:47:17 CEST.

Flavor Version Tinstall Tcheck Ttotal Status Flags
r-devel-linux-x86_64-debian-clang 1.4.0 14.38 86.72 101.10 OK
r-devel-linux-x86_64-debian-gcc 1.4.0 10.56 65.47 76.03 OK
r-devel-linux-x86_64-fedora-clang 1.4.0 68.22 OK
r-devel-linux-x86_64-fedora-gcc 1.4.0 66.55 OK
r-devel-windows-ix86+x86_64 1.4.0 30.00 136.00 166.00 OK
r-devel-windows-ix86+x86_64-gcc8 1.4.0 25.00 90.00 115.00 OK
r-patched-linux-x86_64 1.4.0 13.35 83.18 96.53 OK
r-patched-solaris-x86 1.4.0 158.70 OK
r-release-linux-x86_64 1.4.0 9.96 75.05 85.01 OK
r-release-windows-ix86+x86_64 1.4.0 24.00 115.00 139.00 OK
r-release-osx-x86_64 1.4.0 ERROR
r-oldrel-windows-ix86+x86_64 1.4.0 28.00 143.00 171.00 OK
r-oldrel-osx-x86_64 1.4.0 ERROR

Check Details

Version: 1.4.0
Check: whether package can be installed
Result: ERROR
    Installation failed.
Flavors: r-release-osx-x86_64, r-oldrel-osx-x86_64