CRAN Package Check Results for Package fullROC

Last updated on 2025-02-04 03:49:48 CET.

Flavor Version Tinstall Tcheck Ttotal Status Flags
r-devel-linux-x86_64-debian-clang 0.1.0 2.00 21.17 23.17 OK
r-devel-linux-x86_64-debian-gcc 0.1.0 1.48 16.20 17.68 OK
r-devel-linux-x86_64-fedora-clang 0.1.0 37.10 OK
r-devel-linux-x86_64-fedora-gcc 0.1.0 35.02 OK
r-devel-windows-x86_64 0.1.0 3.00 49.00 52.00 OK
r-patched-linux-x86_64 0.1.0 1.95 19.90 21.85 NOTE
r-release-linux-x86_64 0.1.0 1.63 19.80 21.43 NOTE
r-release-macos-arm64 0.1.0 15.00 NOTE
r-release-macos-x86_64 0.1.0 28.00 NOTE
r-release-windows-x86_64 0.1.0 2.00 42.00 44.00 NOTE
r-oldrel-macos-arm64 0.1.0 19.00 NOTE
r-oldrel-macos-x86_64 0.1.0 23.00 NOTE
r-oldrel-windows-x86_64 0.1.0 4.00 43.00 47.00 NOTE

Check Details

Version: 0.1.0
Check: LazyData
Result: NOTE 'LazyData' is specified without a 'data' directory Flavors: r-patched-linux-x86_64, r-release-linux-x86_64, r-release-macos-arm64, r-release-macos-x86_64, r-release-windows-x86_64, r-oldrel-macos-arm64, r-oldrel-macos-x86_64, r-oldrel-windows-x86_64