Last updated on 2024-04-18 21:56:51 CEST.
Flavor | Version | Tinstall | Tcheck | Ttotal | Status | Flags |
---|---|---|---|---|---|---|
r-devel-linux-x86_64-debian-clang | 0.4.5 | 9.98 | 83.16 | 93.14 | OK | |
r-devel-linux-x86_64-debian-gcc | 0.4.5 | 8.07 | 62.14 | 70.21 | OK | |
r-devel-linux-x86_64-fedora-clang | 0.4.5 | 113.65 | NOTE | |||
r-devel-linux-x86_64-fedora-gcc | 0.4.5 | 111.56 | OK | |||
r-prerel-macos-arm64 | 0.4.5 | 32.00 | OK | |||
r-prerel-windows-x86_64 | 0.4.5 | 10.00 | 87.00 | 97.00 | OK | |
r-patched-linux-x86_64 | 0.4.5 | 9.02 | 77.75 | 86.77 | OK | |
r-release-linux-x86_64 | 0.4.5 | 8.42 | 76.25 | 84.67 | OK | |
r-release-macos-arm64 | 0.4.5 | 36.00 | OK | |||
r-release-macos-x86_64 | 0.4.5 | 57.00 | OK | |||
r-release-windows-x86_64 | 0.4.5 | 11.00 | 96.00 | 107.00 | OK | |
r-oldrel-macos-arm64 | 0.4.5 | 35.00 | OK | |||
r-oldrel-windows-x86_64 | 0.4.5 | 11.00 | 87.00 | 98.00 | OK |
Version: 0.4.5
Check: Rd cross-references
Result: NOTE
Undeclared package ‘chillR’ in Rd xrefs
Flavor: r-devel-linux-x86_64-fedora-clang