Last updated on 2023-03-23 03:53:20 CET.
Flavor | Version | Tinstall | Tcheck | Ttotal | Status | Flags |
---|---|---|---|---|---|---|
r-devel-linux-x86_64-debian-clang | 0.5.100 | 12.86 | 112.33 | 125.19 | NOTE | |
r-devel-linux-x86_64-debian-gcc | 0.5.100 | 9.83 | 86.95 | 96.78 | NOTE | |
r-devel-linux-x86_64-fedora-clang | 0.5.100 | 189.55 | NOTE | |||
r-devel-linux-x86_64-fedora-gcc | 0.5.100 | 183.30 | NOTE | |||
r-patched-linux-x86_64 | 0.5.100 | 12.76 | 103.17 | 115.93 | OK | |
r-release-linux-x86_64 | 0.5.100 | 12.61 | 104.34 | 116.95 | OK | |
r-release-macos-arm64 | 0.5.100 | 41.00 | OK | |||
r-release-macos-x86_64 | 0.5.100 | 64.00 | OK | |||
r-release-windows-x86_64 | 0.5.100 | 28.00 | 166.00 | 194.00 | OK | |
r-oldrel-macos-arm64 | 0.5.100 | 49.00 | OK | |||
r-oldrel-macos-x86_64 | 0.5.100 | 88.00 | OK | |||
r-oldrel-windows-ix86+x86_64 | 0.5.100 | 24.00 | 123.00 | 147.00 | OK |
Version: 0.5.100
Check: package subdirectories
Result: NOTE
Problems with news in ‘NEWS.md’:
No news entries found.
Flavors: r-devel-linux-x86_64-debian-clang, r-devel-linux-x86_64-debian-gcc, r-devel-linux-x86_64-fedora-clang, r-devel-linux-x86_64-fedora-gcc