CRAN Package Check Results for Package fractional

Last updated on 2023-03-28 12:54:40 CEST.

Flavor Version Tinstall Tcheck Ttotal Status Flags
r-devel-linux-x86_64-debian-clang 0.1.3 21.52 40.22 61.74 NOTE
r-devel-linux-x86_64-debian-gcc 0.1.3 16.13 30.65 46.78 NOTE
r-devel-linux-x86_64-fedora-clang 0.1.3 82.55 NOTE
r-devel-linux-x86_64-fedora-gcc 0.1.3 84.75 NOTE
r-devel-windows-x86_64 0.1.3 35.00 99.00 134.00 NOTE
r-patched-linux-x86_64 0.1.3 18.13 38.69 56.82 NOTE
r-release-linux-x86_64 0.1.3 17.38 40.13 57.51 NOTE
r-release-macos-arm64 0.1.3 27.00 NOTE
r-release-macos-x86_64 0.1.3 37.00 NOTE
r-release-windows-x86_64 0.1.3 38.00 97.00 135.00 NOTE
r-oldrel-macos-arm64 0.1.3 32.00 NOTE
r-oldrel-macos-x86_64 0.1.3 51.00 NOTE
r-oldrel-windows-ix86+x86_64 0.1.3 46.00 95.00 141.00 NOTE

Check Details

Version: 0.1.3
Check: LazyData
Result: NOTE
     'LazyData' is specified without a 'data' directory
Flavors: r-devel-linux-x86_64-debian-clang, r-devel-linux-x86_64-debian-gcc, r-devel-linux-x86_64-fedora-clang, r-devel-linux-x86_64-fedora-gcc, r-devel-windows-x86_64, r-patched-linux-x86_64, r-release-linux-x86_64, r-release-macos-arm64, r-release-macos-x86_64, r-release-windows-x86_64, r-oldrel-macos-arm64, r-oldrel-macos-x86_64, r-oldrel-windows-ix86+x86_64

Version: 0.1.3
Check: compiled code
Result: NOTE
    File ‘fractional/libs/fractional.so’:
     Found no calls to: ‘R_registerRoutines’, ‘R_useDynamicSymbols’
    
    It is good practice to register native routines and to disable symbol
    search.
    
    See ‘Writing portable packages’ in the ‘Writing R Extensions’ manual.
Flavors: r-devel-linux-x86_64-fedora-clang, r-devel-linux-x86_64-fedora-gcc