Last updated on 2025-02-01 21:49:12 CET.
Flavor | Version | Tinstall | Tcheck | Ttotal | Status | Flags |
---|---|---|---|---|---|---|
r-devel-linux-x86_64-debian-clang | 0.1.0 | 2.18 | 44.08 | 46.26 | OK | |
r-devel-linux-x86_64-debian-gcc | 0.1.0 | 1.51 | 31.94 | 33.45 | OK | |
r-devel-linux-x86_64-fedora-clang | 0.1.0 | 76.12 | OK | |||
r-devel-linux-x86_64-fedora-gcc | 0.1.0 | 90.61 | OK | |||
r-devel-windows-x86_64 | 0.1.0 | 5.00 | 77.00 | 82.00 | OK | |
r-patched-linux-x86_64 | 0.1.0 | 2.02 | 41.94 | 43.96 | NOTE | |
r-release-linux-x86_64 | 0.1.0 | 2.05 | 42.98 | 45.03 | NOTE | |
r-release-macos-arm64 | 0.1.0 | 32.00 | NOTE | |||
r-release-macos-x86_64 | 0.1.0 | 53.00 | NOTE | |||
r-release-windows-x86_64 | 0.1.0 | 5.00 | 75.00 | 80.00 | NOTE | |
r-oldrel-macos-arm64 | 0.1.0 | 35.00 | NOTE | |||
r-oldrel-macos-x86_64 | 0.1.0 | 49.00 | NOTE | |||
r-oldrel-windows-x86_64 | 0.1.0 | 5.00 | 71.00 | 76.00 | NOTE |
Version: 0.1.0
Check: LazyData
Result: NOTE
'LazyData' is specified without a 'data' directory
Flavors: r-patched-linux-x86_64, r-release-linux-x86_64, r-release-macos-arm64, r-release-macos-x86_64, r-release-windows-x86_64, r-oldrel-macos-arm64, r-oldrel-macos-x86_64, r-oldrel-windows-x86_64