CRAN Package Check Results for Package fpp3

Last updated on 2022-09-26 03:56:07 CEST.

Flavor Version Tinstall Tcheck Ttotal Status Flags
r-devel-linux-x86_64-debian-clang 0.4.0 8.71 78.28 86.99 OK
r-devel-linux-x86_64-debian-gcc 0.4.0 7.17 58.16 65.33 OK
r-devel-linux-x86_64-fedora-clang 0.4.0 109.70 NOTE
r-devel-linux-x86_64-fedora-gcc 0.4.0 121.52 NOTE
r-devel-windows-x86_64 0.4.0 22.00 104.00 126.00 OK
r-patched-linux-x86_64 0.4.0 6.37 71.77 78.14 OK
r-release-linux-x86_64 0.4.0 7.31 74.20 81.51 OK
r-release-macos-arm64 0.4.0 31.00 NOTE
r-release-macos-x86_64 0.4.0 66.00 NOTE
r-release-windows-x86_64 0.4.0 21.00 100.00 121.00 OK
r-oldrel-macos-arm64 0.4.0 38.00 NOTE
r-oldrel-macos-x86_64 0.4.0 55.00 NOTE
r-oldrel-windows-ix86+x86_64 0.4.0 22.00 104.00 126.00 OK

Check Details

Version: 0.4.0
Check: dependencies in R code
Result: NOTE
    Namespaces in Imports field not imported from:
     ‘dplyr’ ‘fable’ ‘fabletools’ ‘feasts’ ‘ggplot2’ ‘lubridate’ ‘tibble’
     ‘tidyr’ ‘tsibble’ ‘tsibbledata’ ‘urca’
     All declared Imports should be used.
Flavors: r-devel-linux-x86_64-fedora-clang, r-devel-linux-x86_64-fedora-gcc, r-release-macos-arm64, r-release-macos-x86_64, r-oldrel-macos-arm64, r-oldrel-macos-x86_64