Last updated on 2024-04-20 05:58:52 CEST.
Flavor | Version | Tinstall | Tcheck | Ttotal | Status | Flags |
---|---|---|---|---|---|---|
r-devel-linux-x86_64-debian-clang | 0.5.6 | 10.93 | 135.05 | 145.98 | OK | |
r-devel-linux-x86_64-debian-gcc | 0.5.6 | 7.76 | 93.64 | 101.40 | OK | |
r-devel-linux-x86_64-fedora-clang | 0.5.6 | 189.55 | NOTE | |||
r-devel-linux-x86_64-fedora-gcc | 0.5.6 | 186.55 | OK | |||
r-prerel-macos-arm64 | 0.5.6 | 53.00 | OK | |||
r-prerel-macos-x86_64 | 0.5.6 | 144.00 | OK | |||
r-prerel-windows-x86_64 | 0.5.6 | 15.00 | 115.00 | 130.00 | OK | |
r-patched-linux-x86_64 | 0.5.6 | 10.97 | 126.96 | 137.93 | OK | |
r-release-linux-x86_64 | 0.5.5 | 8.13 | 99.83 | 107.96 | OK | |
r-release-macos-arm64 | 0.5.6 | 56.00 | OK | |||
r-release-macos-x86_64 | 0.5.6 | 123.00 | OK | |||
r-release-windows-x86_64 | 0.5.6 | 14.00 | 142.00 | 156.00 | OK | |
r-oldrel-macos-arm64 | 0.5.6 | 51.00 | OK | |||
r-oldrel-windows-x86_64 | 0.5.6 | 14.00 | 135.00 | 149.00 | OK |
Version: 0.5.6
Check: Rd cross-references
Result: NOTE
Undeclared package ‘rtables’ in Rd xrefs
Flavor: r-devel-linux-x86_64-fedora-clang