Last updated on 2024-04-19 03:56:21 CEST.
Flavor | Version | Tinstall | Tcheck | Ttotal | Status | Flags |
---|---|---|---|---|---|---|
r-devel-linux-x86_64-debian-clang | 0.2.1 | 4.22 | 54.38 | 58.60 | NOTE | |
r-devel-linux-x86_64-debian-gcc | 0.2.1 | 3.06 | 41.39 | 44.45 | NOTE | |
r-devel-linux-x86_64-fedora-clang | 0.2.1 | 72.66 | NOTE | |||
r-devel-linux-x86_64-fedora-gcc | 0.2.1 | 82.51 | NOTE | |||
r-prerel-macos-arm64 | 0.2.1 | 32.00 | NOTE | |||
r-prerel-windows-x86_64 | 0.2.1 | 6.00 | 70.00 | 76.00 | NOTE | |
r-patched-linux-x86_64 | 0.2.1 | 4.57 | 52.29 | 56.86 | NOTE | |
r-release-linux-x86_64 | 0.2.1 | 3.82 | 51.21 | 55.03 | NOTE | |
r-release-macos-arm64 | 0.2.1 | 34.00 | NOTE | |||
r-release-macos-x86_64 | 0.2.1 | 51.00 | NOTE | |||
r-release-windows-x86_64 | 0.2.1 | 6.00 | 76.00 | 82.00 | NOTE | |
r-oldrel-macos-arm64 | 0.2.1 | 26.00 | NOTE | |||
r-oldrel-windows-x86_64 | 0.2.1 | 8.00 | 76.00 | 84.00 | NOTE |
Version: 0.2.1
Check: LazyData
Result: NOTE
'LazyData' is specified without a 'data' directory
Flavors: r-devel-linux-x86_64-debian-clang, r-devel-linux-x86_64-debian-gcc, r-devel-linux-x86_64-fedora-clang, r-devel-linux-x86_64-fedora-gcc, r-prerel-macos-arm64, r-prerel-windows-x86_64, r-patched-linux-x86_64, r-release-linux-x86_64, r-release-macos-arm64, r-release-macos-x86_64, r-release-windows-x86_64, r-oldrel-macos-arm64, r-oldrel-windows-x86_64