CRAN Package Check Results for Package forestr

Last updated on 2025-02-01 12:48:26 CET.

Flavor Version Tinstall Tcheck Ttotal Status Flags
r-devel-linux-x86_64-debian-clang 2.0.2 3.70 30.77 34.47 NOTE
r-devel-linux-x86_64-debian-gcc 2.0.2 2.58 23.15 25.73 NOTE
r-devel-linux-x86_64-fedora-clang 2.0.2 56.60 NOTE
r-devel-linux-x86_64-fedora-gcc 2.0.2 51.71 NOTE
r-devel-windows-x86_64 2.0.2 6.00 59.00 65.00 NOTE
r-patched-linux-x86_64 2.0.2 3.89 29.69 33.58 NOTE
r-release-linux-x86_64 2.0.2 3.64 29.33 32.97 NOTE
r-release-macos-arm64 2.0.2 21.00 NOTE
r-release-macos-x86_64 2.0.2 32.00 NOTE
r-release-windows-x86_64 2.0.2 6.00 58.00 64.00 NOTE
r-oldrel-macos-arm64 2.0.2 23.00 OK
r-oldrel-macos-x86_64 2.0.2 32.00 OK
r-oldrel-windows-x86_64 2.0.2 7.00 64.00 71.00 OK

Check Details

Version: 2.0.2
Check: Rd files
Result: NOTE checkRd: (-1) process_pcl.Rd:28: Lost braces; missing escapes or markup? 28 | \item{pavd}{logical input to include Plant Area Volume Density Plot from {plot_pavd}, | ^ Flavors: r-devel-linux-x86_64-debian-clang, r-devel-linux-x86_64-debian-gcc, r-devel-linux-x86_64-fedora-clang, r-devel-linux-x86_64-fedora-gcc, r-devel-windows-x86_64, r-patched-linux-x86_64, r-release-linux-x86_64, r-release-macos-arm64, r-release-macos-x86_64, r-release-windows-x86_64

Version: 2.0.2
Check: dependencies in R code
Result: NOTE Namespaces in Imports field not imported from: ‘tibble’ ‘viridis’ All declared Imports should be used. Flavors: r-devel-linux-x86_64-fedora-clang, r-devel-linux-x86_64-fedora-gcc