Last updated on 2024-04-26 20:51:56 CEST.
Flavor | Version | Tinstall | Tcheck | Ttotal | Status | Flags |
---|---|---|---|---|---|---|
r-devel-linux-x86_64-debian-clang | 0.6.2 | 5.32 | 60.25 | 65.57 | NOTE | |
r-devel-linux-x86_64-debian-gcc | 0.6.2 | 6.24 | 45.23 | 51.47 | NOTE | |
r-devel-linux-x86_64-fedora-clang | 0.6.2 | 89.19 | NOTE | |||
r-devel-linux-x86_64-fedora-gcc | 0.6.2 | 81.79 | NOTE | |||
r-devel-windows-x86_64 | 0.6.2 | 7.00 | 62.00 | 69.00 | NOTE | |
r-patched-linux-x86_64 | 0.6.2 | 4.55 | 57.80 | 62.35 | NOTE | |
r-release-linux-x86_64 | 0.6.2 | 4.39 | 56.37 | 60.76 | NOTE | |
r-release-macos-arm64 | 0.6.2 | 26.00 | NOTE | |||
r-release-windows-x86_64 | 0.6.2 | 7.00 | 61.00 | 68.00 | NOTE | |
r-oldrel-macos-arm64 | 0.6.2 | 27.00 | NOTE | |||
r-oldrel-macos-x86_64 | 0.6.2 | 37.00 | NOTE | |||
r-oldrel-windows-x86_64 | 0.6.2 | 9.00 | 70.00 | 79.00 | NOTE |
Version: 0.6.2
Check: LazyData
Result: NOTE
'LazyData' is specified without a 'data' directory
Flavors: r-devel-linux-x86_64-debian-clang, r-devel-linux-x86_64-debian-gcc, r-devel-linux-x86_64-fedora-clang, r-devel-linux-x86_64-fedora-gcc, r-devel-windows-x86_64, r-patched-linux-x86_64, r-release-linux-x86_64, r-release-macos-arm64, r-release-windows-x86_64, r-oldrel-macos-arm64, r-oldrel-macos-x86_64, r-oldrel-windows-x86_64