CRAN Package Check Results for Package forecastHybrid

Last updated on 2022-01-24 12:52:10 CET.

Flavor Version Tinstall Tcheck Ttotal Status Flags
r-devel-linux-x86_64-debian-clang 5.0.19 7.30 373.11 380.41 NOTE
r-devel-linux-x86_64-debian-gcc 5.0.19 6.40 261.17 267.57 NOTE
r-devel-linux-x86_64-fedora-clang 5.0.19 424.95 NOTE
r-devel-linux-x86_64-fedora-gcc 5.0.19 418.21 NOTE
r-devel-windows-x86_64-new-UL 5.0.19 81.00 501.00 582.00 NOTE
r-devel-windows-x86_64-new-TK 5.0.19 NOTE
r-patched-linux-x86_64 5.0.19 14.30 334.16 348.46 NOTE
r-release-linux-x86_64 5.0.19 5.06 333.93 338.99 NOTE
r-release-macos-arm64 5.0.19 NOTE
r-release-macos-x86_64 5.0.19 NOTE
r-release-windows-ix86+x86_64 5.0.19 20.00 474.00 494.00 NOTE
r-oldrel-macos-x86_64 5.0.19 OK
r-oldrel-windows-ix86+x86_64 5.0.19 20.00 466.00 486.00 OK

Check Details

Version: 5.0.19
Check: LazyData
Result: NOTE
     'LazyData' is specified without a 'data' directory
Flavors: r-devel-linux-x86_64-debian-clang, r-devel-linux-x86_64-debian-gcc, r-devel-linux-x86_64-fedora-clang, r-devel-linux-x86_64-fedora-gcc, r-devel-windows-x86_64-new-UL, r-devel-windows-x86_64-new-TK, r-patched-linux-x86_64, r-release-linux-x86_64, r-release-macos-arm64, r-release-macos-x86_64, r-release-windows-ix86+x86_64