Last updated on 2024-04-19 11:56:45 CEST.
Flavor | Version | Tinstall | Tcheck | Ttotal | Status | Flags |
---|---|---|---|---|---|---|
r-devel-linux-x86_64-debian-clang | 0.2.0 | 43.36 | 220.18 | 263.54 | OK | |
r-devel-linux-x86_64-debian-gcc | 0.2.0 | OK | ||||
r-devel-linux-x86_64-fedora-clang | 0.2.0 | 331.15 | NOTE | |||
r-devel-linux-x86_64-fedora-gcc | 0.2.0 | 317.26 | NOTE | |||
r-prerel-macos-arm64 | 0.2.0 | 82.00 | OK | |||
r-prerel-windows-x86_64 | 0.2.0 | 28.00 | 150.00 | 178.00 | OK | |
r-patched-linux-x86_64 | 0.2.0 | 39.77 | 213.03 | 252.80 | OK | |
r-release-linux-x86_64 | 0.2.0 | 32.58 | 212.48 | 245.06 | OK | |
r-release-macos-arm64 | 0.2.0 | 79.00 | OK | |||
r-release-macos-x86_64 | 0.2.0 | 195.00 | OK | |||
r-release-windows-x86_64 | 0.2.0 | 37.00 | 189.00 | 226.00 | OK | |
r-oldrel-macos-arm64 | 0.2.0 | 74.00 | OK | |||
r-oldrel-windows-x86_64 | 0.2.0 | 39.00 | 191.00 | 230.00 | OK |
Version: 0.2.0
Check: dependencies in R code
Result: NOTE
Namespace in Imports field not imported from: ‘tidyverse’
All declared Imports should be used.
Flavors: r-devel-linux-x86_64-fedora-clang, r-devel-linux-x86_64-fedora-gcc