Last updated on 2023-03-31 21:53:03 CEST.
Flavor | Version | Tinstall | Tcheck | Ttotal | Status | Flags |
---|---|---|---|---|---|---|
r-devel-linux-x86_64-debian-clang | 1.1 | 2.55 | 17.92 | 20.47 | NOTE | |
r-devel-linux-x86_64-debian-gcc | 1.1 | 2.00 | 14.18 | 16.18 | NOTE | |
r-devel-linux-x86_64-fedora-clang | 1.1 | 25.27 | NOTE | |||
r-devel-linux-x86_64-fedora-gcc | 1.1 | 23.99 | NOTE | |||
r-devel-windows-x86_64 | 1.1 | 40.00 | 0.00 | 40.00 | NOTE | |
r-patched-linux-x86_64 | 1.1 | 2.75 | 17.37 | 20.12 | NOTE | |
r-release-linux-x86_64 | 1.1 | 2.67 | 19.14 | 21.81 | NOTE | |
r-release-macos-arm64 | 1.1 | 12.00 | NOTE | |||
r-release-macos-x86_64 | 1.1 | 18.00 | NOTE | |||
r-release-windows-x86_64 | 1.1 | 49.00 | 45.00 | 94.00 | NOTE | |
r-oldrel-macos-arm64 | 1.1 | 16.00 | NOTE | |||
r-oldrel-macos-x86_64 | 1.1 | 21.00 | NOTE | |||
r-oldrel-windows-ix86+x86_64 | 1.1 | 5.00 | 43.00 | 48.00 | NOTE |
Version: 1.1
Check: DESCRIPTION meta-information
Result: NOTE
Malformed Description field: should contain one or more complete sentences.
Flavors: r-devel-linux-x86_64-debian-clang, r-devel-linux-x86_64-debian-gcc, r-devel-linux-x86_64-fedora-clang, r-devel-linux-x86_64-fedora-gcc, r-devel-windows-x86_64, r-patched-linux-x86_64, r-release-linux-x86_64, r-release-macos-arm64, r-release-macos-x86_64, r-release-windows-x86_64, r-oldrel-macos-arm64, r-oldrel-macos-x86_64, r-oldrel-windows-ix86+x86_64
Version: 1.1
Check: installed package size
Result: NOTE
installed size is 6.7Mb
sub-directories of 1Mb or more:
fonts 6.6Mb
Flavors: r-devel-linux-x86_64-fedora-clang, r-devel-windows-x86_64, r-release-macos-arm64, r-release-macos-x86_64, r-release-windows-x86_64, r-oldrel-macos-arm64, r-oldrel-macos-x86_64, r-oldrel-windows-ix86+x86_64