Last updated on 2025-02-22 12:50:29 CET.
Flavor | Version | Tinstall | Tcheck | Ttotal | Status | Flags |
---|---|---|---|---|---|---|
r-devel-linux-x86_64-debian-clang | 0.3.0 | 6.94 | 74.37 | 81.31 | OK | |
r-devel-linux-x86_64-debian-gcc | 0.3.0 | 4.78 | 52.62 | 57.40 | OK | |
r-devel-linux-x86_64-fedora-clang | 0.3.0 | 139.94 | OK | |||
r-devel-linux-x86_64-fedora-gcc | 0.3.0 | 142.65 | OK | |||
r-devel-macos-arm64 | 0.3.0 | 59.00 | OK | |||
r-devel-macos-x86_64 | 0.3.0 | 154.00 | OK | |||
r-devel-windows-x86_64 | 0.3.0 | 8.00 | 82.00 | 90.00 | OK | |
r-patched-linux-x86_64 | 0.3.0 | 6.43 | 69.06 | 75.49 | NOTE | |
r-release-linux-x86_64 | 0.3.0 | 6.59 | 69.63 | 76.22 | NOTE | |
r-release-macos-arm64 | 0.3.0 | 64.00 | NOTE | |||
r-release-macos-x86_64 | 0.3.0 | 146.00 | NOTE | |||
r-release-windows-x86_64 | 0.3.0 | 7.00 | 83.00 | 90.00 | NOTE | |
r-oldrel-macos-arm64 | 0.3.0 | 61.00 | NOTE | |||
r-oldrel-macos-x86_64 | 0.3.0 | 109.00 | NOTE | |||
r-oldrel-windows-x86_64 | 0.3.0 | 10.00 | 95.00 | 105.00 | NOTE |
Version: 0.3.0
Check: LazyData
Result: NOTE
'LazyData' is specified without a 'data' directory
Flavors: r-patched-linux-x86_64, r-release-linux-x86_64, r-release-macos-arm64, r-release-macos-x86_64, r-release-windows-x86_64, r-oldrel-macos-arm64, r-oldrel-macos-x86_64, r-oldrel-windows-x86_64