CRAN Package Check Results for Package flora

Last updated on 2022-10-01 05:51:22 CEST.

Flavor Version Tinstall Tcheck Ttotal Status Flags
r-devel-linux-x86_64-debian-clang 0.3.4 41.34 75.29 116.63 OK
r-devel-linux-x86_64-debian-gcc 0.3.4 37.46 57.75 95.21 OK
r-devel-linux-x86_64-fedora-clang 0.3.4 162.96 NOTE
r-devel-linux-x86_64-fedora-gcc 0.3.4 178.88 OK
r-devel-windows-x86_64 0.3.4 44.00 100.00 144.00 NOTE
r-patched-linux-x86_64 0.3.4 37.78 71.32 109.10 OK
r-release-linux-x86_64 0.3.4 45.23 70.66 115.89 OK
r-release-macos-arm64 0.3.4 61.00 NOTE
r-release-macos-x86_64 0.3.4 92.00 NOTE
r-release-windows-x86_64 0.3.4 47.00 93.00 140.00 NOTE
r-oldrel-macos-arm64 0.3.4 75.00 NOTE
r-oldrel-macos-x86_64 0.3.4 100.00 NOTE
r-oldrel-windows-ix86+x86_64 0.3.4 71.00 94.00 165.00 NOTE

Check Details

Version: 0.3.4
Check: installed package size
Result: NOTE
     installed size is 7.2Mb
     sub-directories of 1Mb or more:
     R 7.0Mb
Flavors: r-devel-linux-x86_64-fedora-clang, r-devel-windows-x86_64, r-release-macos-arm64, r-release-macos-x86_64, r-release-windows-x86_64, r-oldrel-macos-arm64, r-oldrel-macos-x86_64, r-oldrel-windows-ix86+x86_64