Last updated on 2023-10-04 13:01:13 CEST.
Flavor | Version | Tinstall | Tcheck | Ttotal | Status | Flags |
---|---|---|---|---|---|---|
r-devel-linux-x86_64-debian-clang | 0.3.4 | 42.21 | 72.12 | 114.33 | OK | |
r-devel-linux-x86_64-debian-gcc | 0.3.4 | 37.27 | 56.08 | 93.35 | OK | |
r-devel-linux-x86_64-fedora-clang | 0.3.4 | 148.59 | NOTE | |||
r-devel-linux-x86_64-fedora-gcc | 0.3.4 | 144.69 | OK | |||
r-devel-windows-x86_64 | 0.3.4 | 44.00 | 75.00 | 119.00 | NOTE | |
r-patched-linux-x86_64 | 0.3.4 | 42.29 | 69.84 | 112.13 | OK | |
r-release-linux-x86_64 | 0.3.4 | 38.65 | 69.78 | 108.43 | OK | |
r-release-macos-arm64 | 0.3.4 | 66.00 | NOTE | |||
r-release-macos-x86_64 | 0.3.4 | 85.00 | NOTE | |||
r-release-windows-x86_64 | 0.3.4 | 49.00 | 80.00 | 129.00 | NOTE | |
r-oldrel-macos-arm64 | 0.3.4 | 61.00 | NOTE | |||
r-oldrel-macos-x86_64 | 0.3.4 | 92.00 | NOTE | |||
r-oldrel-windows-x86_64 | 0.3.4 | 53.00 | 78.00 | 131.00 | NOTE |
Version: 0.3.4
Check: installed package size
Result: NOTE
installed size is 7.2Mb
sub-directories of 1Mb or more:
R 7.0Mb
Flavors: r-devel-linux-x86_64-fedora-clang, r-devel-windows-x86_64, r-release-macos-arm64, r-release-macos-x86_64, r-release-windows-x86_64, r-oldrel-macos-arm64, r-oldrel-macos-x86_64, r-oldrel-windows-x86_64