Last updated on 2023-03-30 21:49:52 CEST.
Flavor | Version | Tinstall | Tcheck | Ttotal | Status | Flags |
---|---|---|---|---|---|---|
r-devel-linux-x86_64-debian-clang | 1.2.0 | 2.72 | 51.02 | 53.74 | OK | |
r-devel-linux-x86_64-debian-gcc | 1.2.0 | 1.67 | 36.20 | 37.87 | OK | |
r-devel-linux-x86_64-fedora-clang | 1.2.0 | 62.83 | NOTE | |||
r-devel-linux-x86_64-fedora-gcc | 1.2.0 | 60.15 | OK | |||
r-devel-windows-x86_64 | 1.2.0 | 6.00 | 0.00 | 6.00 | OK | |
r-patched-linux-x86_64 | 1.2.0 | 2.17 | 47.63 | 49.80 | OK | |
r-release-linux-x86_64 | 1.2.0 | 1.88 | 49.95 | 51.83 | OK | |
r-release-macos-arm64 | 1.2.0 | 21.00 | OK | |||
r-release-macos-x86_64 | 1.2.0 | 29.00 | OK | |||
r-release-windows-x86_64 | 1.2.0 | 9.00 | 72.00 | 81.00 | OK | |
r-oldrel-macos-arm64 | 1.2.0 | 30.00 | OK | |||
r-oldrel-macos-x86_64 | 1.2.0 | 32.00 | OK | |||
r-oldrel-windows-ix86+x86_64 | 1.2.0 | 6.00 | 69.00 | 75.00 | OK |
Version: 1.2.0
Check: Rd cross-references
Result: NOTE
Undeclared package ‘flip’ in Rd xrefs
Flavor: r-devel-linux-x86_64-fedora-clang