CRAN Package Check Results for Package flipdownr

Last updated on 2022-10-01 05:51:22 CEST.

Flavor Version Tinstall Tcheck Ttotal Status Flags
r-devel-linux-x86_64-debian-clang 0.1.1 1.25 20.92 22.17 NOTE
r-devel-linux-x86_64-debian-gcc 0.1.1 1.03 16.71 17.74 NOTE
r-devel-linux-x86_64-fedora-clang 0.1.1 41.13 NOTE
r-devel-linux-x86_64-fedora-gcc 0.1.1 41.32 NOTE
r-devel-windows-x86_64 0.1.1 11.00 48.00 59.00 NOTE
r-patched-linux-x86_64 0.1.1 1.92 20.61 22.53 NOTE
r-release-linux-x86_64 0.1.1 1.26 20.25 21.51 NOTE
r-release-macos-arm64 0.1.1 15.00 NOTE
r-release-macos-x86_64 0.1.1 20.00 NOTE
r-release-windows-x86_64 0.1.1 14.00 43.00 57.00 NOTE
r-oldrel-macos-arm64 0.1.1 17.00 NOTE
r-oldrel-macos-x86_64 0.1.1 24.00 NOTE
r-oldrel-windows-ix86+x86_64 0.1.1 5.00 43.00 48.00 NOTE

Check Details

Version: 0.1.1
Check: LazyData
Result: NOTE
     'LazyData' is specified without a 'data' directory
Flavors: r-devel-linux-x86_64-debian-clang, r-devel-linux-x86_64-debian-gcc, r-devel-linux-x86_64-fedora-clang, r-devel-linux-x86_64-fedora-gcc, r-devel-windows-x86_64, r-patched-linux-x86_64, r-release-linux-x86_64, r-release-macos-arm64, r-release-macos-x86_64, r-release-windows-x86_64, r-oldrel-macos-arm64, r-oldrel-macos-x86_64, r-oldrel-windows-ix86+x86_64