Last updated on 2023-06-08 05:58:09 CEST.
Flavor | Version | Tinstall | Tcheck | Ttotal | Status | Flags |
---|---|---|---|---|---|---|
r-devel-linux-x86_64-debian-clang | 2.0.17 | 48.57 | 251.32 | 299.89 | OK | |
r-devel-linux-x86_64-debian-gcc | 2.0.17 | 41.48 | 181.67 | 223.15 | OK | |
r-devel-linux-x86_64-fedora-clang | 2.0.17 | 393.68 | OK | |||
r-devel-linux-x86_64-fedora-gcc | 2.0.17 | 348.00 | OK | |||
r-devel-windows-x86_64 | 2.0.17 | 50.00 | 163.00 | 213.00 | OK | |
r-patched-linux-x86_64 | 2.0.17 | 49.85 | 234.22 | 284.07 | OK | |
r-release-linux-x86_64 | 2.0.17 | 47.31 | 236.25 | 283.56 | OK | |
r-release-macos-arm64 | 2.0.17 | 87.00 | OK | |||
r-release-macos-x86_64 | 2.0.16 | 178.00 | NOTE | |||
r-release-windows-x86_64 | 2.0.17 | 62.00 | 207.00 | 269.00 | OK | |
r-oldrel-macos-arm64 | 2.0.17 | 83.00 | OK | |||
r-oldrel-macos-x86_64 | 2.0.17 | 116.00 | OK | |||
r-oldrel-windows-x86_64 | 2.0.17 | 64.00 | 199.00 | 263.00 | OK |
Version: 2.0.16
Check: package dependencies
Result: NOTE
Package suggested but not available for checking: ‘mexhaz’
Flavor: r-release-macos-x86_64