Last updated on 2024-04-19 21:56:28 CEST.
Flavor | Version | Tinstall | Tcheck | Ttotal | Status | Flags |
---|---|---|---|---|---|---|
r-devel-linux-x86_64-debian-clang | 1.4-1 | 15.98 | 94.76 | 110.74 | NOTE | |
r-devel-linux-x86_64-debian-gcc | 1.4-1 | NOTE | ||||
r-devel-linux-x86_64-fedora-clang | 1.4-1 | 137.29 | NOTE | |||
r-devel-linux-x86_64-fedora-gcc | 1.4-1 | 131.25 | NOTE | |||
r-prerel-macos-arm64 | 1.4-1 | 39.00 | NOTE | |||
r-prerel-windows-x86_64 | 1.4-1 | 14.00 | 92.00 | 106.00 | NOTE | |
r-patched-linux-x86_64 | 1.4-1 | 11.32 | 87.11 | 98.43 | NOTE | |
r-release-linux-x86_64 | 1.4-1 | 11.70 | 87.60 | 99.30 | NOTE | |
r-release-macos-arm64 | 1.4-1 | 39.00 | NOTE | |||
r-release-macos-x86_64 | 1.4-1 | 63.00 | NOTE | |||
r-release-windows-x86_64 | 1.4-1 | 15.00 | 109.00 | 124.00 | NOTE | |
r-oldrel-macos-arm64 | 1.4-1 | 41.00 | OK | |||
r-oldrel-windows-x86_64 | 1.4-1 | 18.00 | 114.00 | 132.00 | OK |
Version: 1.4-1
Check: Rd files
Result: NOTE
checkRd: (-1) cclust.Rd:78: Escaped LaTeX specials: \&
checkRd: (-1) randIndex.Rd:53: Escaped LaTeX specials: \&
checkRd: (-1) vacmot.Rd:25: Escaped LaTeX specials: \&
checkRd: (-1) vacmot.Rd:28: Escaped LaTeX specials: \&
Flavors: r-devel-linux-x86_64-debian-clang, r-devel-linux-x86_64-debian-gcc, r-devel-linux-x86_64-fedora-clang, r-devel-linux-x86_64-fedora-gcc, r-prerel-macos-arm64, r-prerel-windows-x86_64, r-patched-linux-x86_64, r-release-linux-x86_64, r-release-macos-arm64, r-release-macos-x86_64, r-release-windows-x86_64