CRAN Package Check Results for Package flattabler

Last updated on 2022-10-03 21:53:37 CEST.

Flavor Version Tinstall Tcheck Ttotal Status Flags
r-devel-linux-x86_64-debian-clang 1.2.0 3.45 62.35 65.80 OK
r-devel-linux-x86_64-debian-gcc 1.2.0 2.73 45.54 48.27 OK
r-devel-linux-x86_64-fedora-clang 1.2.0 90.57 NOTE
r-devel-linux-x86_64-fedora-gcc 1.2.0 110.93 NOTE
r-devel-windows-x86_64 1.2.0 67.00 110.00 177.00 OK
r-patched-linux-x86_64 1.2.0 4.61 56.58 61.19 OK
r-release-linux-x86_64 1.2.0 3.86 56.78 60.64 OK
r-release-macos-arm64 1.2.0 23.00 NOTE
r-release-macos-x86_64 1.2.0 60.00 NOTE
r-release-windows-x86_64 1.2.0 34.00 103.00 137.00 OK
r-oldrel-macos-arm64 1.2.0 29.00 NOTE
r-oldrel-macos-x86_64 1.2.0 36.00 NOTE
r-oldrel-windows-ix86+x86_64 1.2.0 9.00 88.00 97.00 OK

Check Details

Version: 1.2.0
Check: dependencies in R code
Result: NOTE
    Namespace in Imports field not imported from: ‘tidyr’
     All declared Imports should be used.
Flavors: r-devel-linux-x86_64-fedora-clang, r-devel-linux-x86_64-fedora-gcc, r-release-macos-arm64, r-release-macos-x86_64, r-oldrel-macos-arm64, r-oldrel-macos-x86_64

Version: 1.2.0
Check: data for non-ASCII characters
Result: NOTE
     Note: found 82 marked UTF-8 strings
Flavors: r-devel-linux-x86_64-fedora-clang, r-devel-linux-x86_64-fedora-gcc, r-release-macos-arm64, r-release-macos-x86_64, r-oldrel-macos-arm64, r-oldrel-macos-x86_64