Last updated on 2024-03-29 12:54:05 CET.
Flavor | Version | Tinstall | Tcheck | Ttotal | Status | Flags |
---|---|---|---|---|---|---|
r-devel-linux-x86_64-debian-clang | 0.1.1 | 5.29 | 42.72 | 48.01 | OK | |
r-devel-linux-x86_64-debian-gcc | 0.1.1 | 3.70 | 32.56 | 36.26 | OK | |
r-devel-linux-x86_64-fedora-clang | 0.1.1 | 58.28 | OK | |||
r-devel-linux-x86_64-fedora-gcc | 0.1.1 | 58.29 | OK | |||
r-devel-windows-x86_64 | 0.1.1 | 5.00 | 52.00 | 57.00 | WARN | |
r-patched-linux-x86_64 | 0.1.1 | 3.92 | 40.76 | 44.68 | OK | |
r-release-linux-x86_64 | 0.1.1 | 4.97 | 41.70 | 46.67 | OK | |
r-release-macos-arm64 | 0.1.1 | 23.00 | OK | |||
r-release-macos-x86_64 | 0.1.1 | 31.00 | OK | |||
r-release-windows-x86_64 | 0.1.1 | 6.00 | 56.00 | 62.00 | OK | |
r-oldrel-macos-arm64 | 0.1.1 | 24.00 | OK | |||
r-oldrel-windows-x86_64 | 0.1.1 | 6.00 | 60.00 | 66.00 | OK |
Version: 0.1.1
Check: whether package can be installed
Result: WARN
Found the following significant warnings:
Warning: package 'dplyr' was built under R version 4.5.0
Flavor: r-devel-windows-x86_64