CRAN Package Check Results for Package fixedincome

Last updated on 2023-03-22 03:51:16 CET.

Flavor Version Tinstall Tcheck Ttotal Status Flags
r-devel-linux-x86_64-debian-clang 0.0.4 15.44 155.30 170.74 OK
r-devel-linux-x86_64-debian-gcc 0.0.4 11.11 113.58 124.69 OK
r-devel-linux-x86_64-fedora-clang 0.0.4 227.92 OK
r-devel-linux-x86_64-fedora-gcc 0.0.4 205.51 OK
r-devel-windows-x86_64 0.0.4 27.00 242.00 269.00 OK
r-patched-linux-x86_64 0.0.4 14.42 156.82 171.24 OK
r-release-linux-x86_64 0.0.4 12.75 130.16 142.91 ERROR
r-release-macos-arm64 0.0.4 69.00 OK
r-release-macos-x86_64 0.0.4 88.00 OK
r-release-windows-x86_64 0.0.4 84.00 249.00 333.00 ERROR
r-oldrel-macos-arm64 0.0.4 73.00 OK
r-oldrel-macos-x86_64 0.0.4 102.00 OK
r-oldrel-windows-ix86+x86_64 0.0.4 51.00 278.00 329.00 OK

Check Details

Version: 0.0.4
Check: re-building of vignette outputs
Result: ERROR
    Error(s) in re-building vignettes:
     ...
    --- re-building ‘spot-rate-curve-indexing.Rmd’ using rmarkdown
    --- finished re-building ‘spot-rate-curve-indexing.Rmd’
    
    --- re-building ‘spot-rate-curve-interpolation.Rmd’ using rmarkdown
    Quitting from lines 54-65 (spot-rate-curve-interpolation.Rmd)
    Error: processing vignette ‘spot-rate-curve-interpolation.Rmd’ failed with diagnostics:
    SSL peer certificate or SSH remote key was not OK: [www2.bmf.com.br] server certificate verification failed. CAfile: none CRLfile: none
    --- failed re-building ‘spot-rate-curve-interpolation.Rmd’
    
    --- re-building ‘spot-rate-curve-plotting.Rmd’ using rmarkdown
    Quitting from lines 34-48 (spot-rate-curve-plotting.Rmd)
    Error: processing vignette ‘spot-rate-curve-plotting.Rmd’ failed with diagnostics:
    SSL peer certificate or SSH remote key was not OK: [www2.bmf.com.br] server certificate verification failed. CAfile: none CRLfile: none
    --- failed re-building ‘spot-rate-curve-plotting.Rmd’
    
    SUMMARY: processing the following files failed:
     ‘spot-rate-curve-interpolation.Rmd’ ‘spot-rate-curve-plotting.Rmd’
    
    Error: Vignette re-building failed.
    Execution halted
Flavor: r-release-linux-x86_64

Version: 0.0.4
Check: re-building of vignette outputs
Result: ERROR
    Error(s) in re-building vignettes:
    --- re-building 'spot-rate-curve-indexing.Rmd' using rmarkdown
    --- finished re-building 'spot-rate-curve-indexing.Rmd'
    
    --- re-building 'spot-rate-curve-interpolation.Rmd' using rmarkdown
    Quitting from lines 54-65 (spot-rate-curve-interpolation.Rmd)
    Error: processing vignette 'spot-rate-curve-interpolation.Rmd' failed with diagnostics:
    schannel: next InitializeSecurityContext failed: SEC_E_CERT_EXPIRED (0x80090328) - Das empfangene Zertifikat ist abgelaufen.
    --- failed re-building 'spot-rate-curve-interpolation.Rmd'
    
    --- re-building 'spot-rate-curve-plotting.Rmd' using rmarkdown
    Quitting from lines 34-48 (spot-rate-curve-plotting.Rmd)
    Error: processing vignette 'spot-rate-curve-plotting.Rmd' failed with diagnostics:
    schannel: next InitializeSecurityContext failed: SEC_E_CERT_EXPIRED (0x80090328) - Das empfangene Zertifikat ist abgelaufen.
    --- failed re-building 'spot-rate-curve-plotting.Rmd'
    
    SUMMARY: processing the following files failed:
     'spot-rate-curve-interpolation.Rmd' 'spot-rate-curve-plotting.Rmd'
    
    Error: Vignette re-building failed.
    Execution halted
Flavor: r-release-windows-x86_64