CRAN Package Check Results for Package fitur

Last updated on 2022-08-18 12:54:00 CEST.

Flavor Version Tinstall Tcheck Ttotal Status Flags
r-devel-linux-x86_64-debian-clang 0.6.2 6.92 90.35 97.27 OK
r-devel-linux-x86_64-debian-gcc 0.6.2 5.84 68.26 74.10 OK
r-devel-linux-x86_64-fedora-clang 0.6.2 127.07 NOTE
r-devel-linux-x86_64-fedora-gcc 0.6.2 121.97 NOTE
r-devel-windows-x86_64 0.6.2 12.00 133.00 145.00 OK
r-patched-linux-x86_64 0.6.2 6.63 85.18 91.81 OK
r-release-linux-x86_64 0.6.2 7.48 84.31 91.79 OK
r-release-macos-arm64 0.6.2 37.00 NOTE
r-release-macos-x86_64 0.6.2 77.00 NOTE
r-release-windows-x86_64 0.6.2 22.00 128.00 150.00 OK
r-oldrel-macos-arm64 0.6.2 47.00 NOTE
r-oldrel-macos-x86_64 0.6.2 52.00 NOTE
r-oldrel-windows-ix86+x86_64 0.6.2 18.00 119.00 137.00 OK

Check Details

Version: 0.6.2
Check: dependencies in R code
Result: NOTE
    Namespace in Imports field not imported from: ‘rstudioapi’
     All declared Imports should be used.
Flavors: r-devel-linux-x86_64-fedora-clang, r-devel-linux-x86_64-fedora-gcc, r-release-macos-arm64, r-release-macos-x86_64, r-oldrel-macos-arm64, r-oldrel-macos-x86_64