Last updated on 2024-03-28 06:52:48 CET.
Flavor | Version | Tinstall | Tcheck | Ttotal | Status | Flags |
---|---|---|---|---|---|---|
r-devel-linux-x86_64-debian-clang | 0.6.2 | 6.91 | 90.12 | 97.03 | OK | |
r-devel-linux-x86_64-debian-gcc | 0.6.2 | 5.25 | 68.32 | 73.57 | OK | |
r-devel-linux-x86_64-fedora-clang | 0.6.2 | 123.67 | NOTE | |||
r-devel-linux-x86_64-fedora-gcc | 0.6.2 | 130.98 | NOTE | |||
r-devel-windows-x86_64 | 0.6.2 | 8.00 | 93.00 | 101.00 | OK | |
r-patched-linux-x86_64 | 0.6.2 | 4.79 | 84.49 | 89.28 | OK | |
r-release-linux-x86_64 | 0.6.2 | 4.59 | 86.00 | 90.59 | OK | |
r-release-macos-arm64 | 0.6.2 | 50.00 | OK | |||
r-release-macos-x86_64 | 0.6.2 | 70.00 | OK | |||
r-release-windows-x86_64 | 0.6.2 | 10.00 | 108.00 | 118.00 | OK | |
r-oldrel-macos-arm64 | 0.6.2 | 37.00 | NOTE | |||
r-oldrel-windows-x86_64 | 0.6.2 | 10.00 | 112.00 | 122.00 | OK |
Version: 0.6.2
Check: dependencies in R code
Result: NOTE
Namespace in Imports field not imported from: ‘rstudioapi’
All declared Imports should be used.
Flavors: r-devel-linux-x86_64-fedora-clang, r-devel-linux-x86_64-fedora-gcc, r-oldrel-macos-arm64