Last updated on 2023-04-01 21:54:07 CEST.
Flavor | Version | Tinstall | Tcheck | Ttotal | Status | Flags |
---|---|---|---|---|---|---|
r-devel-linux-x86_64-debian-clang | 1.5.0 | 13.01 | 177.98 | 190.99 | OK | |
r-devel-linux-x86_64-debian-gcc | 1.5.0 | 8.42 | 128.28 | 136.70 | OK | |
r-devel-linux-x86_64-fedora-clang | 1.5.0 | 240.41 | NOTE | |||
r-devel-linux-x86_64-fedora-gcc | 1.5.0 | 232.10 | OK | |||
r-devel-windows-x86_64 | 1.5.0 | 21.00 | 249.00 | 270.00 | OK | |
r-patched-linux-x86_64 | 1.5.0 | 15.11 | 170.49 | 185.60 | OK | |
r-release-linux-x86_64 | 1.5.0 | 10.32 | 164.91 | 175.23 | OK | |
r-release-macos-arm64 | 1.5.0 | 50.00 | OK | |||
r-release-macos-x86_64 | 1.5.0 | 78.00 | OK | |||
r-release-windows-x86_64 | 1.5.0 | 77.00 | 234.00 | 311.00 | OK | |
r-oldrel-macos-arm64 | 1.5.0 | 53.00 | OK | |||
r-oldrel-macos-x86_64 | 1.5.0 | 75.00 | OK | |||
r-oldrel-windows-ix86+x86_64 | 1.5.0 | 18.00 | 232.00 | 250.00 | OK |
Version: 1.5.0
Check: Rd cross-references
Result: NOTE
Undeclared package ‘extraDistr’ in Rd xrefs
Flavor: r-devel-linux-x86_64-fedora-clang