Last updated on 2023-03-28 21:53:57 CEST.
Flavor | Version | Tinstall | Tcheck | Ttotal | Status | Flags |
---|---|---|---|---|---|---|
r-devel-linux-x86_64-debian-clang | 0.2.3 | 7.23 | 63.25 | 70.48 | OK | |
r-devel-linux-x86_64-debian-gcc | 0.2.3 | 4.63 | 47.59 | 52.22 | OK | |
r-devel-linux-x86_64-fedora-clang | 0.2.3 | 85.95 | OK | |||
r-devel-linux-x86_64-fedora-gcc | 0.2.3 | 91.25 | OK | |||
r-devel-windows-x86_64 | 0.2.3 | 33.00 | 98.00 | 131.00 | OK | |
r-patched-linux-x86_64 | 0.2.3 | 4.42 | 58.55 | 62.97 | OK | |
r-release-linux-x86_64 | 0.2.3 | 6.61 | 62.25 | 68.86 | OK | |
r-release-macos-arm64 | 0.2.3 | 30.00 | OK | |||
r-release-macos-x86_64 | 0.2.3 | 60.00 | OK | |||
r-release-windows-x86_64 | 0.2.3 | 33.00 | 106.00 | 139.00 | OK | |
r-oldrel-macos-arm64 | 0.2.3 | 33.00 | OK | |||
r-oldrel-macos-x86_64 | 0.2.3 | 45.00 | OK | |||
r-oldrel-windows-ix86+x86_64 | 0.2.3 | 15.00 | 98.00 | 113.00 | NOTE |
Version: 0.2.3
Check: R code for possible problems
Result: NOTE
Initiating curl with CURL_SSL_BACKEND: openssl
Flavor: r-oldrel-windows-ix86+x86_64