CRAN Package Check Results for Package fishtree

Last updated on 2025-04-29 12:52:36 CEST.

Flavor Version Tinstall Tcheck Ttotal Status Flags
r-devel-linux-x86_64-debian-clang 0.3.4 2.35 34.26 36.61 OK
r-devel-linux-x86_64-debian-gcc 0.3.4 1.66 28.08 29.74 OK
r-devel-linux-x86_64-fedora-clang 0.3.4 60.97 OK
r-devel-linux-x86_64-fedora-gcc 0.3.4 69.62 OK
r-devel-windows-x86_64 0.3.4 4.00 55.00 59.00 OK
r-patched-linux-x86_64 0.3.4 2.30 31.96 34.26 OK
r-release-linux-x86_64 0.3.4 2.09 31.80 33.89 OK
r-release-macos-arm64 0.3.4 35.00 OK
r-release-macos-x86_64 0.3.4 60.00 OK
r-release-windows-x86_64 0.3.4 4.00 59.00 63.00 OK
r-oldrel-macos-arm64 0.3.4 29.00 NOTE
r-oldrel-macos-x86_64 0.3.4 50.00 NOTE
r-oldrel-windows-x86_64 0.3.4 4.00 63.00 67.00 NOTE

Check Details

Version: 0.3.4
Check: LazyData
Result: NOTE 'LazyData' is specified without a 'data' directory Flavors: r-oldrel-macos-arm64, r-oldrel-macos-x86_64, r-oldrel-windows-x86_64