CRAN Package Check Results for Package fingerPro

Last updated on 2022-01-22 21:53:43 CET.

Flavor Version Tinstall Tcheck Ttotal Status Flags
r-devel-linux-x86_64-debian-clang 1.1 39.30 152.31 191.61 OK
r-devel-linux-x86_64-debian-gcc 1.1 27.36 116.48 143.84 OK
r-devel-linux-x86_64-fedora-clang 1.1 237.27 NOTE
r-devel-linux-x86_64-fedora-gcc 1.1 221.16 NOTE
r-devel-windows-x86_64-new-UL 1.1 62.00 174.00 236.00 OK
r-devel-windows-x86_64-new-TK 1.1 ERROR
r-patched-linux-x86_64 1.1 37.50 145.60 183.10 OK
r-release-linux-x86_64 1.1 29.39 144.92 174.31 OK
r-release-macos-arm64 1.1 NOTE
r-release-macos-x86_64 1.1 NOTE
r-release-windows-ix86+x86_64 1.1 95.00 223.00 318.00 OK
r-oldrel-macos-x86_64 1.1 NOTE
r-oldrel-windows-ix86+x86_64 1.1 98.00 226.00 324.00 OK

Check Details

Version: 1.1
Check: dependencies in R code
Result: NOTE
    Namespace in Imports field not imported from: ‘RcppProgress’
     All declared Imports should be used.
Flavors: r-devel-linux-x86_64-fedora-clang, r-devel-linux-x86_64-fedora-gcc, r-release-macos-arm64, r-release-macos-x86_64, r-oldrel-macos-x86_64

Version: 1.1
Check: package dependencies
Result: ERROR
    Packages required but not available: 'Rcmdr', 'car'
    
    See section 'The DESCRIPTION file' in the 'Writing R Extensions'
    manual.
Flavor: r-devel-windows-x86_64-new-TK