Last updated on 2024-03-28 06:52:48 CET.
Flavor | Version | Tinstall | Tcheck | Ttotal | Status | Flags |
---|---|---|---|---|---|---|
r-devel-linux-x86_64-debian-clang | 0.1.3 | 5.64 | 55.31 | 60.95 | NOTE | |
r-devel-linux-x86_64-debian-gcc | 0.1.3 | 5.12 | 41.51 | 46.63 | NOTE | |
r-devel-linux-x86_64-fedora-clang | 0.1.3 | 75.69 | NOTE | |||
r-devel-linux-x86_64-fedora-gcc | 0.1.3 | 74.66 | NOTE | |||
r-devel-windows-x86_64 | 0.1.3 | 7.00 | 59.00 | 66.00 | NOTE | |
r-patched-linux-x86_64 | 0.1.3 | 5.09 | 53.55 | 58.64 | NOTE | |
r-release-linux-x86_64 | 0.1.3 | 5.34 | 54.00 | 59.34 | NOTE | |
r-release-macos-arm64 | 0.1.3 | 33.00 | NOTE | |||
r-release-macos-x86_64 | 0.1.3 | 39.00 | NOTE | |||
r-release-windows-x86_64 | 0.1.3 | 9.00 | 65.00 | 74.00 | NOTE | |
r-oldrel-macos-arm64 | 0.1.3 | 24.00 | NOTE | |||
r-oldrel-windows-x86_64 | 0.1.3 | 9.00 | 74.00 | 83.00 | NOTE |
Version: 0.1.3
Check: LazyData
Result: NOTE
'LazyData' is specified without a 'data' directory
Flavors: r-devel-linux-x86_64-debian-clang, r-devel-linux-x86_64-debian-gcc, r-devel-linux-x86_64-fedora-clang, r-devel-linux-x86_64-fedora-gcc, r-devel-windows-x86_64, r-patched-linux-x86_64, r-release-linux-x86_64, r-release-macos-arm64, r-release-macos-x86_64, r-release-windows-x86_64, r-oldrel-macos-arm64, r-oldrel-windows-x86_64