CRAN Package Check Results for Package findR

Last updated on 2021-04-21 21:49:56 CEST.

Flavor Version Tinstall Tcheck Ttotal Status Flags
r-devel-linux-x86_64-debian-clang 0.2.1 2.35 22.35 24.70 NOTE
r-devel-linux-x86_64-debian-gcc 0.2.1 1.84 17.90 19.74 NOTE
r-devel-linux-x86_64-fedora-clang 0.2.1 39.55 NOTE
r-devel-linux-x86_64-fedora-gcc 0.2.1 29.40 NOTE
r-devel-windows-ix86+x86_64 0.2.1 6.00 38.00 44.00 NOTE
r-devel-windows-x86_64-gcc10-UCRT 0.2.1 NOTE
r-patched-linux-x86_64 0.2.1 2.46 21.51 23.97 OK
r-patched-solaris-x86 0.2.1 44.50 OK
r-release-linux-x86_64 0.2.1 2.36 21.52 23.88 OK
r-release-macos-x86_64 0.2.1 OK
r-release-windows-ix86+x86_64 0.2.1 6.00 28.00 34.00 OK
r-oldrel-macos-x86_64 0.2.1 OK
r-oldrel-windows-ix86+x86_64 0.2.1 4.00 39.00 43.00 OK

Check Details

Version: 0.2.1
Check: LazyData
Result: NOTE
     'LazyData' is specified without a 'data' directory
Flavors: r-devel-linux-x86_64-debian-clang, r-devel-linux-x86_64-debian-gcc, r-devel-linux-x86_64-fedora-clang, r-devel-linux-x86_64-fedora-gcc, r-devel-windows-ix86+x86_64, r-devel-windows-x86_64-gcc10-UCRT