CRAN Package Check Results for Package finch

Last updated on 2020-07-03 03:47:07 CEST.

Flavor Version Tinstall Tcheck Ttotal Status Flags
r-devel-linux-x86_64-debian-clang 0.3.0 8.42 69.82 78.24 OK
r-devel-linux-x86_64-debian-gcc 0.3.0 6.86 52.49 59.35 OK
r-devel-linux-x86_64-fedora-clang 0.3.0 76.80 NOTE
r-devel-linux-x86_64-fedora-gcc 0.3.0 67.93 NOTE
r-devel-windows-ix86+x86_64 0.3.0 27.00 108.00 135.00 OK
r-patched-linux-x86_64 0.3.0 7.38 67.43 74.81 OK
r-patched-solaris-x86 0.3.0 99.60 NOTE
r-release-linux-x86_64 0.3.0 7.42 67.95 75.37 OK
r-release-osx-x86_64 0.3.0 NOTE
r-release-windows-ix86+x86_64 0.3.0 20.00 92.00 112.00 OK
r-oldrel-osx-x86_64 0.3.0 ERROR
r-oldrel-windows-ix86+x86_64 0.3.0 28.00 121.00 149.00 OK

Check Details

Version: 0.3.0
Check: dependencies in R code
Result: NOTE
    Namespace in Imports field not imported from: ‘rappdirs’
     All declared Imports should be used.
Flavors: r-devel-linux-x86_64-fedora-clang, r-devel-linux-x86_64-fedora-gcc, r-patched-solaris-x86, r-release-osx-x86_64

Version: 0.3.0
Check: package dependencies
Result: ERROR
    Package required and available but unsuitable version: ‘EML’
    
    See section ‘The DESCRIPTION file’ in the ‘Writing R Extensions’
    manual.
Flavor: r-oldrel-osx-x86_64