Last updated on 2022-08-18 06:49:27 CEST.
Flavor | Version | Tinstall | Tcheck | Ttotal | Status | Flags |
---|---|---|---|---|---|---|
r-devel-linux-x86_64-debian-clang | 1.0.5 | 18.14 | 401.34 | 419.48 | OK | |
r-devel-linux-x86_64-debian-gcc | 1.0.5 | 12.22 | 297.40 | 309.62 | OK | |
r-devel-linux-x86_64-fedora-clang | 1.0.5 | 492.26 | NOTE | |||
r-devel-linux-x86_64-fedora-gcc | 1.0.5 | 508.79 | NOTE | |||
r-devel-windows-x86_64 | 1.0.5 | 80.00 | 485.00 | 565.00 | OK | |
r-patched-linux-x86_64 | 1.0.5 | 24.80 | 369.22 | 394.02 | OK | |
r-release-linux-x86_64 | 1.0.5 | 14.06 | 378.05 | 392.11 | OK | |
r-release-macos-arm64 | 1.0.5 | 162.00 | NOTE | |||
r-release-macos-x86_64 | 1.0.5 | 204.00 | NOTE | |||
r-release-windows-x86_64 | 1.0.5 | 79.00 | 465.00 | 544.00 | OK | |
r-oldrel-macos-arm64 | 1.0.5 | 171.00 | NOTE | |||
r-oldrel-macos-x86_64 | 1.0.5 | 216.00 | NOTE | |||
r-oldrel-windows-ix86+x86_64 | 1.0.5 | 34.00 | 494.00 | 528.00 | OK |
Version: 1.0.5
Check: dependencies in R code
Result: NOTE
Namespace in Imports field not imported from: ‘tidyselect’
All declared Imports should be used.
Flavors: r-devel-linux-x86_64-fedora-clang, r-devel-linux-x86_64-fedora-gcc, r-release-macos-arm64, r-release-macos-x86_64, r-oldrel-macos-arm64, r-oldrel-macos-x86_64