Last updated on 2024-03-29 12:54:05 CET.
Flavor | Version | Tinstall | Tcheck | Ttotal | Status | Flags |
---|---|---|---|---|---|---|
r-devel-linux-x86_64-debian-clang | 0.2.3 | 2.23 | 26.94 | 29.17 | NOTE | |
r-devel-linux-x86_64-debian-gcc | 0.2.3 | 1.68 | 21.06 | 22.74 | NOTE | |
r-devel-linux-x86_64-fedora-clang | 0.2.3 | 36.98 | NOTE | |||
r-devel-linux-x86_64-fedora-gcc | 0.2.3 | 35.22 | NOTE | |||
r-devel-windows-x86_64 | 0.2.3 | 4.00 | 44.00 | 48.00 | NOTE | |
r-patched-linux-x86_64 | 0.2.3 | 2.52 | 25.54 | 28.06 | NOTE | |
r-release-linux-x86_64 | 0.2.3 | 2.02 | 26.51 | 28.53 | OK | |
r-release-macos-arm64 | 0.2.3 | 16.00 | OK | |||
r-release-macos-x86_64 | 0.2.3 | 22.00 | OK | |||
r-release-windows-x86_64 | 0.2.3 | 3.00 | 45.00 | 48.00 | OK | |
r-oldrel-macos-arm64 | 0.2.3 | 18.00 | OK | |||
r-oldrel-windows-x86_64 | 0.2.3 | 4.00 | 45.00 | 49.00 | OK |
Version: 0.2.3
Check: Rd metadata
Result: NOTE
Invalid package aliases in Rd file 'filename.Rd':
‘filename-package’
Flavors: r-devel-linux-x86_64-debian-clang, r-devel-linux-x86_64-debian-gcc, r-devel-linux-x86_64-fedora-clang, r-devel-linux-x86_64-fedora-gcc, r-devel-windows-x86_64, r-patched-linux-x86_64