Last updated on 2023-10-04 20:42:27 CEST.
Flavor | Version | Tinstall | Tcheck | Ttotal | Status | Flags |
---|---|---|---|---|---|---|
r-devel-linux-x86_64-debian-clang | 0.6.0 | 14.93 | 121.21 | 136.14 | OK | |
r-devel-linux-x86_64-debian-gcc | 0.6.0 | 11.07 | 90.11 | 101.18 | OK | |
r-devel-linux-x86_64-fedora-clang | 0.6.0 | 159.75 | OK | |||
r-devel-linux-x86_64-fedora-gcc | 0.6.0 | 157.01 | OK | |||
r-devel-windows-x86_64 | 0.6.0 | 14.00 | 104.00 | 118.00 | OK | |
r-patched-linux-x86_64 | 0.6.0 | 9.25 | 112.80 | 122.05 | OK | |
r-release-linux-x86_64 | 0.6.0 | 11.56 | 115.50 | 127.06 | OK | |
r-release-macos-arm64 | 0.6.0 | 98.00 | ERROR | |||
r-release-macos-x86_64 | 0.6.0 | 7.00 | ERROR | |||
r-release-windows-x86_64 | 0.6.0 | 17.00 | 117.00 | 134.00 | OK | |
r-oldrel-macos-arm64 | 0.6.0 | 45.00 | OK | |||
r-oldrel-macos-x86_64 | 0.6.0 | 68.00 | OK | |||
r-oldrel-windows-x86_64 | 0.6.0 | 17.00 | 120.00 | 137.00 | OK |
Version: 0.6.0
Check: package dependencies
Result: ERROR
Package required but not available: ‘rhdf5’
Package suggested but not available for checking: ‘phyloseq’
See section ‘The DESCRIPTION file’ in the ‘Writing R Extensions’
manual.
Flavors: r-release-macos-arm64, r-release-macos-x86_64