CRAN Package Check Results for Package fedstatAPIr

Last updated on 2022-10-03 21:53:37 CEST.

Flavor Version Tinstall Tcheck Ttotal Status Flags
r-devel-linux-x86_64-debian-clang 0.2.0 4.23 37.47 41.70 OK
r-devel-linux-x86_64-debian-gcc 0.2.0 3.28 29.24 32.52 OK
r-devel-linux-x86_64-fedora-clang 0.2.0 63.38 NOTE
r-devel-linux-x86_64-fedora-gcc 0.2.0 65.69 NOTE
r-devel-windows-x86_64 0.2.0 25.00 72.00 97.00 OK
r-patched-linux-x86_64 0.2.0 4.15 33.62 37.77 OK
r-release-linux-x86_64 0.2.0 4.88 34.19 39.07 OK
r-release-macos-arm64 0.2.0 20.00 NOTE
r-release-macos-x86_64 0.2.0 34.00 NOTE
r-release-windows-x86_64 0.2.0 23.00 62.00 85.00 OK
r-oldrel-macos-arm64 0.2.0 19.00 NOTE
r-oldrel-macos-x86_64 0.2.0 28.00 NOTE
r-oldrel-windows-ix86+x86_64 0.2.0 11.00 58.00 69.00 OK

Check Details

Version: 0.2.0
Check: dependencies in R code
Result: NOTE
    Namespace in Imports field not imported from: ‘methods’
     All declared Imports should be used.
Flavors: r-devel-linux-x86_64-fedora-clang, r-devel-linux-x86_64-fedora-gcc, r-release-macos-arm64, r-release-macos-x86_64, r-oldrel-macos-arm64, r-oldrel-macos-x86_64

Version: 0.2.0
Check: data for non-ASCII characters
Result: NOTE
     Note: found 43825 marked UTF-8 strings
Flavors: r-devel-linux-x86_64-fedora-clang, r-devel-linux-x86_64-fedora-gcc, r-release-macos-arm64, r-release-macos-x86_64, r-oldrel-macos-arm64, r-oldrel-macos-x86_64