CRAN Package Check Results for Package featureflag

Last updated on 2024-05-28 05:54:50 CEST.

Flavor Version Tinstall Tcheck Ttotal Status Flags
r-devel-linux-x86_64-debian-clang 0.1.0 1.86 30.00 31.86 NOTE
r-devel-linux-x86_64-debian-gcc 0.1.0 1.42 23.53 24.95 NOTE
r-devel-linux-x86_64-fedora-clang 0.1.0 43.56 NOTE
r-devel-linux-x86_64-fedora-gcc 0.1.0 52.55 NOTE
r-devel-windows-x86_64 0.1.0 3.00 47.00 50.00 NOTE
r-patched-linux-x86_64 0.1.0 2.06 28.39 30.45 NOTE
r-release-linux-x86_64 0.1.0 2.13 29.58 31.71 NOTE
r-release-macos-arm64 0.1.0 23.00 NOTE
r-release-windows-x86_64 0.1.0 3.00 46.00 49.00 NOTE
r-oldrel-macos-arm64 0.1.0 24.00 NOTE
r-oldrel-macos-x86_64 0.1.0 33.00 NOTE
r-oldrel-windows-x86_64 0.1.0 4.00 50.00 54.00 NOTE

Check Details

Version: 0.1.0
Check: LazyData
Result: NOTE 'LazyData' is specified without a 'data' directory Flavors: r-devel-linux-x86_64-debian-clang, r-devel-linux-x86_64-debian-gcc, r-devel-linux-x86_64-fedora-clang, r-devel-linux-x86_64-fedora-gcc, r-devel-windows-x86_64, r-patched-linux-x86_64, r-release-linux-x86_64, r-release-macos-arm64, r-release-windows-x86_64, r-oldrel-macos-arm64, r-oldrel-macos-x86_64, r-oldrel-windows-x86_64