Last updated on 2023-03-28 12:54:40 CEST.
Flavor | Version | Tinstall | Tcheck | Ttotal | Status | Flags |
---|---|---|---|---|---|---|
r-devel-linux-x86_64-debian-clang | 1.1 | 3.46 | 31.02 | 34.48 | NOTE | |
r-devel-linux-x86_64-debian-gcc | 1.1 | 2.55 | 24.23 | 26.78 | NOTE | |
r-devel-linux-x86_64-fedora-clang | 1.1 | 44.13 | NOTE | |||
r-devel-linux-x86_64-fedora-gcc | 1.1 | 59.32 | NOTE | |||
r-patched-linux-x86_64 | 1.1 | 3.83 | 30.27 | 34.10 | NOTE | |
r-release-linux-x86_64 | 1.1 | 2.62 | 31.80 | 34.42 | NOTE | |
r-release-macos-arm64 | 1.1 | 20.00 | OK | |||
r-release-macos-x86_64 | 1.1 | 28.00 | OK | |||
r-release-windows-x86_64 | 1.1 | 62.00 | 63.00 | 125.00 | OK | |
r-oldrel-macos-arm64 | 1.1 | 27.00 | OK | |||
r-oldrel-macos-x86_64 | 1.1 | 37.00 | OK | |||
r-oldrel-windows-ix86+x86_64 | 1.1 | 8.00 | 59.00 | 67.00 | OK |
Version: 1.1
Check: for non-standard things in the check directory
Result: NOTE
Found the following files/directories:
‘treesAll.txt’
Flavors: r-devel-linux-x86_64-debian-clang, r-devel-linux-x86_64-debian-gcc, r-devel-linux-x86_64-fedora-clang, r-devel-linux-x86_64-fedora-gcc, r-patched-linux-x86_64, r-release-linux-x86_64