Last updated on 2024-03-28 12:50:33 CET.
Flavor | Version | Tinstall | Tcheck | Ttotal | Status | Flags |
---|---|---|---|---|---|---|
r-devel-linux-x86_64-debian-clang | 0.12 | 10.83 | 75.42 | 86.25 | NOTE | |
r-devel-linux-x86_64-debian-gcc | 0.12 | 7.84 | 57.53 | 65.37 | NOTE | |
r-devel-linux-x86_64-fedora-clang | 0.12 | 107.02 | NOTE | |||
r-devel-linux-x86_64-fedora-gcc | 0.12 | 104.34 | NOTE | |||
r-devel-windows-x86_64 | 0.12 | 9.00 | 72.00 | 81.00 | NOTE | |
r-patched-linux-x86_64 | 0.12 | 6.47 | 74.12 | 80.59 | NOTE | |
r-release-linux-x86_64 | 0.12 | 6.67 | 68.19 | 74.86 | NOTE | |
r-release-macos-arm64 | 0.12 | 35.00 | NOTE | |||
r-release-macos-x86_64 | 0.12 | 59.00 | NOTE | |||
r-release-windows-x86_64 | 0.12 | 11.00 | 83.00 | 94.00 | NOTE | |
r-oldrel-macos-arm64 | 0.12 | 55.00 | NOTE | |||
r-oldrel-windows-x86_64 | 0.12 | 10.00 | 82.00 | 92.00 | NOTE |
Version: 0.12
Check: LazyData
Result: NOTE
'LazyData' is specified without a 'data' directory
Flavors: r-devel-linux-x86_64-debian-clang, r-devel-linux-x86_64-debian-gcc, r-devel-linux-x86_64-fedora-clang, r-devel-linux-x86_64-fedora-gcc, r-devel-windows-x86_64, r-patched-linux-x86_64, r-release-linux-x86_64, r-release-macos-arm64, r-release-macos-x86_64, r-release-windows-x86_64, r-oldrel-macos-arm64, r-oldrel-windows-x86_64
Version: 0.12
Check: dependencies in R code
Result: NOTE
Namespaces in Imports field not imported from:
‘data.table’ ‘ggplot2’ ‘randomcoloR’ ‘sqldf’
All declared Imports should be used.
Flavors: r-devel-linux-x86_64-fedora-clang, r-devel-linux-x86_64-fedora-gcc, r-oldrel-macos-arm64