Last updated on 2022-08-10 06:52:55 CEST.
Flavor | Version | Tinstall | Tcheck | Ttotal | Status | Flags |
---|---|---|---|---|---|---|
r-devel-linux-x86_64-debian-clang | 0.9.6 | 18.45 | 165.04 | 183.49 | OK | |
r-devel-linux-x86_64-debian-gcc | 0.9.6 | 14.69 | 127.97 | 142.66 | OK | |
r-devel-linux-x86_64-fedora-clang | 0.9.6 | 236.95 | NOTE | |||
r-devel-linux-x86_64-fedora-gcc | 0.9.6 | 239.88 | NOTE | |||
r-devel-windows-x86_64 | 0.9.6 | 64.00 | 237.00 | 301.00 | OK | |
r-patched-linux-x86_64 | 0.9.6 | 17.25 | 159.12 | 176.37 | OK | |
r-release-linux-x86_64 | 0.9.6 | OK | ||||
r-release-macos-arm64 | 0.9.6 | 69.00 | NOTE | |||
r-release-macos-x86_64 | 0.9.6 | 110.00 | NOTE | |||
r-release-windows-x86_64 | 0.9.6 | 68.00 | 235.00 | 303.00 | OK | |
r-oldrel-macos-arm64 | 0.9.6 | 60.00 | NOTE | |||
r-oldrel-macos-x86_64 | 0.9.6 | 91.00 | NOTE | |||
r-oldrel-windows-ix86+x86_64 | 0.9.6 | 37.00 | 217.00 | 254.00 | OK |
Version: 0.9.6
Check: package dependencies
Result: NOTE
Imports includes 26 non-default packages.
Importing from so many packages makes the package vulnerable to any of
them becoming unavailable. Move as many as possible to Suggests and
use conditionally.
Flavor: r-devel-linux-x86_64-fedora-clang
Version: 0.9.6
Check: data for non-ASCII characters
Result: NOTE
Note: found 3 marked Latin-1 strings
Note: found 3 marked UTF-8 strings
Flavors: r-devel-linux-x86_64-fedora-clang, r-devel-linux-x86_64-fedora-gcc, r-release-macos-arm64, r-release-macos-x86_64, r-oldrel-macos-arm64, r-oldrel-macos-x86_64
Version: 0.9.6
Check: package dependencies
Result: NOTE
Package which this enhances but not available for checking: ‘NMF’
Flavor: r-release-macos-arm64
Version: 0.9.6
Check: Rd cross-references
Result: NOTE
Package unavailable to check Rd xrefs: ‘NMF’
Flavor: r-release-macos-arm64