Last updated on 2025-04-30 12:49:03 CEST.
Flavor | Version | Tinstall | Tcheck | Ttotal | Status | Flags |
---|---|---|---|---|---|---|
r-devel-linux-x86_64-debian-clang | 0.1.4 | 14.55 | 46.21 | 60.76 | NOTE | |
r-devel-linux-x86_64-debian-gcc | 0.1.4 | 10.27 | 34.92 | 45.19 | OK | |
r-devel-linux-x86_64-fedora-clang | 0.1.4 | 98.31 | OK | |||
r-devel-linux-x86_64-fedora-gcc | 0.1.4 | 93.44 | OK | |||
r-devel-windows-x86_64 | 0.1.4 | 18.00 | 91.00 | 109.00 | OK | |
r-patched-linux-x86_64 | 0.1.4 | 12.33 | 44.56 | 56.89 | OK | |
r-release-linux-x86_64 | 0.1.4 | 12.51 | 44.20 | 56.71 | OK | |
r-release-macos-arm64 | 0.1.4 | 34.00 | OK | |||
r-release-macos-x86_64 | 0.1.4 | 47.00 | OK | |||
r-release-windows-x86_64 | 0.1.4 | 20.00 | 99.00 | 119.00 | OK | |
r-oldrel-macos-arm64 | 0.1.4 | 37.00 | OK | |||
r-oldrel-macos-x86_64 | 0.1.4 | 53.00 | OK | |||
r-oldrel-windows-x86_64 | 0.1.4 | 22.00 | 103.00 | 125.00 | OK |
Version: 0.1.4
Check: examples
Result: NOTE
Examples with CPU (user + system) or elapsed time > 5s
user system elapsed
GetFVE 4.713 0.052 5.746
Flavor: r-devel-linux-x86_64-debian-clang