Last updated on 2024-08-26 06:48:54 CEST.
Flavor | Version | Tinstall | Tcheck | Ttotal | Status | Flags |
---|---|---|---|---|---|---|
r-devel-linux-x86_64-debian-clang | 0.4.1 | 43.35 | 53.63 | 96.98 | NOTE | |
r-devel-linux-x86_64-debian-gcc | 0.4.1 | 32.65 | 37.11 | 69.76 | NOTE | |
r-devel-linux-x86_64-fedora-clang | 0.4.1 | 187.36 | NOTE | |||
r-devel-linux-x86_64-fedora-gcc | 0.4.1 | 184.38 | NOTE | |||
r-devel-windows-x86_64 | 0.4.1 | 57.00 | 97.00 | 154.00 | NOTE | |
r-patched-linux-x86_64 | 0.4.1 | 46.75 | 49.97 | 96.72 | NOTE | |
r-release-linux-x86_64 | 0.4.1 | 43.97 | 50.93 | 94.90 | NOTE | |
r-release-macos-arm64 | 0.4.1 | 46.00 | NOTE | |||
r-release-macos-x86_64 | 0.4.1 | 64.00 | NOTE | |||
r-release-windows-x86_64 | 0.4.1 | 52.00 | 95.00 | 147.00 | NOTE | |
r-oldrel-macos-arm64 | 0.4.1 | 52.00 | OK | |||
r-oldrel-macos-x86_64 | 0.4.1 | 87.00 | OK | |||
r-oldrel-windows-x86_64 | 0.4.1 | 63.00 | 105.00 | 168.00 | OK |
Version: 0.4.1
Check: Rd files
Result: NOTE
checkRd: (-1) plot.fbroc.conf.Rd:5: Lost braces
5 | \title{Plots function for object of class{fbroc.conf}}
| ^
Flavors: r-devel-linux-x86_64-debian-clang, r-devel-linux-x86_64-debian-gcc, r-devel-linux-x86_64-fedora-clang, r-devel-linux-x86_64-fedora-gcc, r-devel-windows-x86_64, r-patched-linux-x86_64, r-release-linux-x86_64, r-release-macos-arm64, r-release-macos-x86_64, r-release-windows-x86_64