CRAN Package Check Results for Package fbnet

Last updated on 2025-02-01 12:48:26 CET.

Flavor Version Tinstall Tcheck Ttotal Status Flags
r-devel-linux-x86_64-debian-clang 1.0.3 10.85 73.64 84.49 OK
r-devel-linux-x86_64-debian-gcc 1.0.3 7.71 51.76 59.47 OK
r-devel-linux-x86_64-fedora-clang 1.0.3 137.88 NOTE
r-devel-linux-x86_64-fedora-gcc 1.0.3 125.08 NOTE
r-devel-windows-x86_64 1.0.3 11.00 94.00 105.00 OK
r-patched-linux-x86_64 1.0.3 11.29 69.19 80.48 OK
r-release-linux-x86_64 1.0.3 9.13 68.31 77.44 OK
r-release-macos-arm64 1.0.3 33.00 OK
r-release-macos-x86_64 1.0.3 56.00 OK
r-release-windows-x86_64 1.0.3 12.00 83.00 95.00 OK
r-oldrel-macos-arm64 1.0.3 39.00 OK
r-oldrel-macos-x86_64 1.0.3 98.00 OK
r-oldrel-windows-x86_64 1.0.3 15.00 111.00 126.00 OK

Check Details

Version: 1.0.3
Check: dependencies in R code
Result: NOTE Namespaces in Imports field not imported from: ‘assertthat’ ‘utils’ All declared Imports should be used. Flavors: r-devel-linux-x86_64-fedora-clang, r-devel-linux-x86_64-fedora-gcc