CRAN Package Check Results for Package fastcmh

Last updated on 2022-08-17 21:52:37 CEST.

Flavor Version Tinstall Tcheck Ttotal Status Flags
r-devel-linux-x86_64-debian-clang 0.2.7 39.46 34.62 74.08 OK
r-devel-linux-x86_64-debian-gcc 0.2.7 OK
r-devel-linux-x86_64-fedora-clang 0.2.7 113.64 NOTE
r-devel-linux-x86_64-fedora-gcc 0.2.7 105.59 NOTE
r-devel-windows-x86_64 0.2.7 39.00 77.00 116.00 OK
r-patched-linux-x86_64 0.2.7 34.35 32.76 67.11 OK
r-release-linux-x86_64 0.2.7 33.53 33.07 66.60 OK
r-release-macos-arm64 0.2.7 33.00 OK
r-release-macos-x86_64 0.2.7 41.00 OK
r-release-windows-x86_64 0.2.7 58.00 81.00 139.00 OK
r-oldrel-macos-arm64 0.2.7 37.00 OK
r-oldrel-macos-x86_64 0.2.7 57.00 OK
r-oldrel-windows-ix86+x86_64 0.2.7 100.00 91.00 191.00 OK

Check Details

Version: 0.2.7
Check: compiled code
Result: NOTE
    File ‘fastcmh/libs/fastcmh.so’:
     Found no calls to: ‘R_registerRoutines’, ‘R_useDynamicSymbols’
    
    It is good practice to register native routines and to disable symbol
    search.
    
    See ‘Writing portable packages’ in the ‘Writing R Extensions’ manual.
Flavors: r-devel-linux-x86_64-fedora-clang, r-devel-linux-x86_64-fedora-gcc