Last updated on 2023-02-06 06:51:54 CET.
Flavor | Version | Tinstall | Tcheck | Ttotal | Status | Flags |
---|---|---|---|---|---|---|
r-devel-linux-x86_64-debian-clang | 0.2.7 | 38.85 | 33.89 | 72.74 | NOTE | |
r-devel-linux-x86_64-debian-gcc | 0.2.7 | 33.99 | 26.59 | 60.58 | NOTE | |
r-devel-linux-x86_64-fedora-clang | 0.2.7 | 108.92 | NOTE | |||
r-devel-linux-x86_64-fedora-gcc | 0.2.7 | 98.47 | NOTE | |||
r-devel-windows-x86_64 | 0.2.7 | 44.00 | 93.00 | 137.00 | NOTE | |
r-patched-linux-x86_64 | 0.2.7 | 32.67 | 34.08 | 66.75 | OK | |
r-release-linux-x86_64 | 0.2.7 | 33.42 | 34.21 | 67.63 | OK | |
r-release-macos-arm64 | 0.2.7 | 33.00 | OK | |||
r-release-macos-x86_64 | 0.2.7 | 41.00 | OK | |||
r-release-windows-x86_64 | 0.2.7 | 42.00 | 87.00 | 129.00 | OK | |
r-oldrel-macos-arm64 | 0.2.7 | 37.00 | OK | |||
r-oldrel-macos-x86_64 | 0.2.7 | 57.00 | OK | |||
r-oldrel-windows-ix86+x86_64 | 0.2.7 | 99.00 | 90.00 | 189.00 | OK |
Version: 0.2.7
Check: C++ specification
Result: NOTE
Specified C++11: please update to current default of C++17
Flavors: r-devel-linux-x86_64-debian-clang, r-devel-linux-x86_64-debian-gcc, r-devel-linux-x86_64-fedora-clang, r-devel-linux-x86_64-fedora-gcc, r-devel-windows-x86_64
Version: 0.2.7
Check: compiled code
Result: NOTE
File ‘fastcmh/libs/fastcmh.so’:
Found no calls to: ‘R_registerRoutines’, ‘R_useDynamicSymbols’
It is good practice to register native routines and to disable symbol
search.
See ‘Writing portable packages’ in the ‘Writing R Extensions’ manual.
Flavors: r-devel-linux-x86_64-fedora-clang, r-devel-linux-x86_64-fedora-gcc